{"id":44683,"date":"2025-11-10T16:35:48","date_gmt":"2025-11-10T15:35:48","guid":{"rendered":"https:\/\/www.ernstbrunn-apotheke.at\/katalog\/produkt\/nurofen-rapid-400-mg-weichkapseln\/"},"modified":"2025-12-08T16:20:35","modified_gmt":"2025-12-08T15:20:35","slug":"nurofen-rapid-400-mg-weichkapseln","status":"publish","type":"product","link":"https:\/\/www.ernstbrunn-apotheke.at\/katalog\/produkt\/nurofen-rapid-400-mg-weichkapseln\/","title":{"rendered":"Nurofen Rapid 400 mg Weichkapseln"},"content":{"rendered":"<p>Nurofen rapid 400 mg Weichkapslen enthalten den Wirkstoff Ibuprofen und werden bei Erwachsenen, Kinder und Jugendlichen mit einem Gewicht ab 40 kg (ab einem Alter von 12 Jahren und dar\u00fcber) zur Behandlung von leichten bis m\u00e4\u00dfig starken Schmerzen wie Kopf-, Regel-, Zahnschmerzen sowie Fieber und Schmerzen im Zusammenhang mit Erk\u00e4ltungen angewendet.<\/p>\n","protected":false},"excerpt":{"rendered":"<p>Nurofen rapid 400 mg Weichkapslen enthalten den Wirkstoff Ibuprofen und werden bei Erwachsenen, Kinder und Jugendlichen mit einem Gewicht ab 40 kg (ab einem Alter von 12 Jahren und dar\u00fcber) zur Behandlung von leichten bis m\u00e4\u00dfig starken Schmerzen wie Kopf-, Regel-, Zahnschmerzen sowie Fieber und Schmerzen im Zusammenhang mit Erk\u00e4ltungen angewendet.<\/p>\n","protected":false},"featured_media":44685,"template":"","meta":{"_acf_changed":false},"product_brand":[456],"product_cat":[797],"product_tag":[],"class_list":{"0":"post-44683","1":"product","2":"type-product","3":"status-publish","4":"has-post-thumbnail","6":"product_brand-nurofen","7":"product_cat-n","8":"pa_packungsgroesse-20-stueck","10":"first","11":"instock","12":"shipping-taxable","13":"purchasable","14":"product-type-simple"},"acf":[],"_links":{"self":[{"href":"https:\/\/www.ernstbrunn-apotheke.at\/katalog\/wp-json\/wp\/v2\/product\/44683","targetHints":{"allow":["GET"]}}],"collection":[{"href":"https:\/\/www.ernstbrunn-apotheke.at\/katalog\/wp-json\/wp\/v2\/product"}],"about":[{"href":"https:\/\/www.ernstbrunn-apotheke.at\/katalog\/wp-json\/wp\/v2\/types\/product"}],"wp:featuredmedia":[{"embeddable":true,"href":"https:\/\/www.ernstbrunn-apotheke.at\/katalog\/wp-json\/wp\/v2\/media\/44685"}],"wp:attachment":[{"href":"https:\/\/www.ernstbrunn-apotheke.at\/katalog\/wp-json\/wp\/v2\/media?parent=44683"}],"wp:term":[{"taxonomy":"product_brand","embeddable":true,"href":"https:\/\/www.ernstbrunn-apotheke.at\/katalog\/wp-json\/wp\/v2\/product_brand?post=44683"},{"taxonomy":"product_cat","embeddable":true,"href":"https:\/\/www.ernstbrunn-apotheke.at\/katalog\/wp-json\/wp\/v2\/product_cat?post=44683"},{"taxonomy":"product_tag","embeddable":true,"href":"https:\/\/www.ernstbrunn-apotheke.at\/katalog\/wp-json\/wp\/v2\/product_tag?post=44683"}],"curies":[{"name":"wp","href":"https:\/\/api.w.org\/{rel}","templated":true}]}}