{"id":43317,"date":"2025-11-10T16:08:37","date_gmt":"2025-11-10T15:08:37","guid":{"rendered":"https:\/\/www.ernstbrunn-apotheke.at\/katalog\/produkt\/leukotape-remover-350-ml\/"},"modified":"2025-12-08T16:14:18","modified_gmt":"2025-12-08T15:14:18","slug":"leukotape-remover-350-ml","status":"publish","type":"product","link":"https:\/\/www.ernstbrunn-apotheke.at\/katalog\/produkt\/leukotape-remover-350-ml\/","title":{"rendered":"Leukotape Remover 350 ml"},"content":{"rendered":"<p>Leukotape Remover 350 ml ist speziell zum praktischen und schnellen Abl\u00f6sen von Klebeverb\u00e4nden entwickelt worden. Durch vollst\u00e4ndiges Durchfeuchten der Verb\u00e4nde mit Leukotape Remover lassen sich die Klebeverb\u00e4nde leicht von der Haut entfernen. Besonders bei stark behaarter Haut geeignet.<\/p>\n","protected":false},"excerpt":{"rendered":"<p>Leukotape Remover 350 ml ist speziell zum praktischen und schnellen Abl\u00f6sen von Klebeverb\u00e4nden entwickelt worden. Durch vollst\u00e4ndiges Durchfeuchten der Verb\u00e4nde mit Leukotape Remover lassen sich die Klebeverb\u00e4nde leicht von der Haut entfernen. Besonders bei stark behaarter Haut geeignet.<\/p>\n","protected":false},"featured_media":43319,"template":"","meta":{"_acf_changed":false},"product_brand":[],"product_cat":[795],"product_tag":[],"class_list":{"0":"post-43317","1":"product","2":"type-product","3":"status-publish","4":"has-post-thumbnail","6":"product_cat-l","7":"pa_packungsgroesse-350ml","9":"first","10":"instock","11":"shipping-taxable","12":"purchasable","13":"product-type-simple"},"acf":[],"_links":{"self":[{"href":"https:\/\/www.ernstbrunn-apotheke.at\/katalog\/wp-json\/wp\/v2\/product\/43317","targetHints":{"allow":["GET"]}}],"collection":[{"href":"https:\/\/www.ernstbrunn-apotheke.at\/katalog\/wp-json\/wp\/v2\/product"}],"about":[{"href":"https:\/\/www.ernstbrunn-apotheke.at\/katalog\/wp-json\/wp\/v2\/types\/product"}],"wp:featuredmedia":[{"embeddable":true,"href":"https:\/\/www.ernstbrunn-apotheke.at\/katalog\/wp-json\/wp\/v2\/media\/43319"}],"wp:attachment":[{"href":"https:\/\/www.ernstbrunn-apotheke.at\/katalog\/wp-json\/wp\/v2\/media?parent=43317"}],"wp:term":[{"taxonomy":"product_brand","embeddable":true,"href":"https:\/\/www.ernstbrunn-apotheke.at\/katalog\/wp-json\/wp\/v2\/product_brand?post=43317"},{"taxonomy":"product_cat","embeddable":true,"href":"https:\/\/www.ernstbrunn-apotheke.at\/katalog\/wp-json\/wp\/v2\/product_cat?post=43317"},{"taxonomy":"product_tag","embeddable":true,"href":"https:\/\/www.ernstbrunn-apotheke.at\/katalog\/wp-json\/wp\/v2\/product_tag?post=43317"}],"curies":[{"name":"wp","href":"https:\/\/api.w.org\/{rel}","templated":true}]}}