{"id":42931,"date":"2025-11-10T16:00:46","date_gmt":"2025-11-10T15:00:46","guid":{"rendered":"https:\/\/www.ernstbrunn-apotheke.at\/katalog\/produkt\/leukosan-strip-6-x-38-mm-2-stk\/"},"modified":"2025-12-08T16:11:55","modified_gmt":"2025-12-08T15:11:55","slug":"leukosan-strip-6-x-38-mm-2-stk","status":"publish","type":"product","link":"https:\/\/www.ernstbrunn-apotheke.at\/katalog\/produkt\/leukosan-strip-6-x-38-mm-2-stk\/","title":{"rendered":"Leukosan Strip 6 x 38 mm 2 Stk."},"content":{"rendered":"<p>Leukosan Strips sind ideal f\u00fcr den Wundverschluss im Gesichts- und Handbereich oder auch an exponierten K\u00f6rperregionen einsetzbar. Leukosan Strips bestehen aus mikropor\u00f6sem Polyamidgewebe, beschichtet mit einem Acryl-Polymer-Kleber.<\/p>\n","protected":false},"excerpt":{"rendered":"<p>Leukosan Strips sind ideal f\u00fcr den Wundverschluss im Gesichts- und Handbereich oder auch an exponierten K\u00f6rperregionen einsetzbar. Leukosan Strips bestehen aus mikropor\u00f6sem Polyamidgewebe, beschichtet mit einem Acryl-Polymer-Kleber.<\/p>\n","protected":false},"featured_media":42933,"template":"","meta":{"_acf_changed":false},"product_brand":[],"product_cat":[795],"product_tag":[],"class_list":{"0":"post-42931","1":"product","2":"type-product","3":"status-publish","4":"has-post-thumbnail","6":"product_cat-l","7":"pa_packungsgroesse-12-stueck","9":"first","10":"instock","11":"shipping-taxable","12":"purchasable","13":"product-type-simple"},"acf":[],"_links":{"self":[{"href":"https:\/\/www.ernstbrunn-apotheke.at\/katalog\/wp-json\/wp\/v2\/product\/42931","targetHints":{"allow":["GET"]}}],"collection":[{"href":"https:\/\/www.ernstbrunn-apotheke.at\/katalog\/wp-json\/wp\/v2\/product"}],"about":[{"href":"https:\/\/www.ernstbrunn-apotheke.at\/katalog\/wp-json\/wp\/v2\/types\/product"}],"wp:featuredmedia":[{"embeddable":true,"href":"https:\/\/www.ernstbrunn-apotheke.at\/katalog\/wp-json\/wp\/v2\/media\/42933"}],"wp:attachment":[{"href":"https:\/\/www.ernstbrunn-apotheke.at\/katalog\/wp-json\/wp\/v2\/media?parent=42931"}],"wp:term":[{"taxonomy":"product_brand","embeddable":true,"href":"https:\/\/www.ernstbrunn-apotheke.at\/katalog\/wp-json\/wp\/v2\/product_brand?post=42931"},{"taxonomy":"product_cat","embeddable":true,"href":"https:\/\/www.ernstbrunn-apotheke.at\/katalog\/wp-json\/wp\/v2\/product_cat?post=42931"},{"taxonomy":"product_tag","embeddable":true,"href":"https:\/\/www.ernstbrunn-apotheke.at\/katalog\/wp-json\/wp\/v2\/product_tag?post=42931"}],"curies":[{"name":"wp","href":"https:\/\/api.w.org\/{rel}","templated":true}]}}