{"id":42808,"date":"2025-11-10T15:58:02","date_gmt":"2025-11-10T14:58:02","guid":{"rendered":"https:\/\/www.ernstbrunn-apotheke.at\/katalog\/produkt\/hansaplast-allergie-sos-mix-pack-6-stk-pflaster\/"},"modified":"2025-12-08T16:11:24","modified_gmt":"2025-12-08T15:11:24","slug":"hansaplast-allergie-sos-mix-pack-6-stk-pflaster","status":"publish","type":"product","link":"https:\/\/www.ernstbrunn-apotheke.at\/katalog\/produkt\/hansaplast-allergie-sos-mix-pack-6-stk-pflaster\/","title":{"rendered":"Hansaplast Allergie SOS Mix Pack 6 Stk. Pflaster"},"content":{"rendered":"<p>Hansaplast SOS Mix Pack enth\u00e4lt Blasen-Pflaster in allen Gr\u00f6\u00dfen und Druckstopp. F\u00fcr eine schnelle Wundheilung dank Hydrokolloid-Technologie. Die Pflaster beugen der Bildung von Blasen und Druckstellen und k\u00f6nnen \u00fcber mehrere Tage getragen werden \u2013 jetzt alle Produkte von Hansaplast zum Sonderpreis bestellen!<\/p>\n","protected":false},"excerpt":{"rendered":"<p>Hansaplast SOS Mix Pack enth\u00e4lt Blasen-Pflaster in allen Gr\u00f6\u00dfen und Druckstopp. F\u00fcr eine schnelle Wundheilung dank Hydrokolloid-Technologie. Die Pflaster beugen der Bildung von Blasen und Druckstellen und k\u00f6nnen \u00fcber mehrere Tage getragen werden \u2013 jetzt alle Produkte von Hansaplast zum Sonderpreis bestellen!<\/p>\n","protected":false},"featured_media":42810,"template":"","meta":{"_acf_changed":false},"product_brand":[328],"product_cat":[805],"product_tag":[],"class_list":{"0":"post-42808","1":"product","2":"type-product","3":"status-publish","4":"has-post-thumbnail","6":"product_brand-hansaplast","7":"product_cat-h","8":"pa_packungsgroesse-6-stueck","10":"first","11":"instock","12":"shipping-taxable","13":"purchasable","14":"product-type-simple"},"acf":[],"_links":{"self":[{"href":"https:\/\/www.ernstbrunn-apotheke.at\/katalog\/wp-json\/wp\/v2\/product\/42808","targetHints":{"allow":["GET"]}}],"collection":[{"href":"https:\/\/www.ernstbrunn-apotheke.at\/katalog\/wp-json\/wp\/v2\/product"}],"about":[{"href":"https:\/\/www.ernstbrunn-apotheke.at\/katalog\/wp-json\/wp\/v2\/types\/product"}],"wp:featuredmedia":[{"embeddable":true,"href":"https:\/\/www.ernstbrunn-apotheke.at\/katalog\/wp-json\/wp\/v2\/media\/42810"}],"wp:attachment":[{"href":"https:\/\/www.ernstbrunn-apotheke.at\/katalog\/wp-json\/wp\/v2\/media?parent=42808"}],"wp:term":[{"taxonomy":"product_brand","embeddable":true,"href":"https:\/\/www.ernstbrunn-apotheke.at\/katalog\/wp-json\/wp\/v2\/product_brand?post=42808"},{"taxonomy":"product_cat","embeddable":true,"href":"https:\/\/www.ernstbrunn-apotheke.at\/katalog\/wp-json\/wp\/v2\/product_cat?post=42808"},{"taxonomy":"product_tag","embeddable":true,"href":"https:\/\/www.ernstbrunn-apotheke.at\/katalog\/wp-json\/wp\/v2\/product_tag?post=42808"}],"curies":[{"name":"wp","href":"https:\/\/api.w.org\/{rel}","templated":true}]}}