{"id":42755,"date":"2025-11-10T15:57:18","date_gmt":"2025-11-10T14:57:18","guid":{"rendered":"https:\/\/www.ernstbrunn-apotheke.at\/katalog\/produkt\/ortopad-augenokklusionspflaster-50-stk-regular\/"},"modified":"2025-12-08T16:11:09","modified_gmt":"2025-12-08T15:11:09","slug":"ortopad-augenokklusionspflaster-50-stk-regular","status":"publish","type":"product","link":"https:\/\/www.ernstbrunn-apotheke.at\/katalog\/produkt\/ortopad-augenokklusionspflaster-50-stk-regular\/","title":{"rendered":"Ortopad Augenokklusionspflaster 50 Stk. Regular"},"content":{"rendered":"<p>Die Ortopad\u00ae Augenpflaster sind speziell f\u00fcr die Okklusionstherapie bei Kindern entwickelt. Sie \u00fcberzeugen nicht nur durch die gro\u00dfe Auswahl an bunten Motiven, sondern auch durch die hervorragenden Klebereigenschaften und die Hautvertr\u00e4glichkeit.<\/p>\n","protected":false},"excerpt":{"rendered":"<p>Die Ortopad\u00ae Augenpflaster sind speziell f\u00fcr die Okklusionstherapie bei Kindern entwickelt. Sie \u00fcberzeugen nicht nur durch die gro\u00dfe Auswahl an bunten Motiven, sondern auch durch die hervorragenden Klebereigenschaften und die Hautvertr\u00e4glichkeit.<\/p>\n","protected":false},"featured_media":42757,"template":"","meta":{"_acf_changed":false},"product_brand":[],"product_cat":[819],"product_tag":[],"class_list":{"0":"post-42755","1":"product","2":"type-product","3":"status-publish","4":"has-post-thumbnail","6":"product_cat-o","7":"pa_packungsgroesse-50-stueck","9":"first","10":"instock","11":"shipping-taxable","12":"purchasable","13":"product-type-simple"},"acf":[],"_links":{"self":[{"href":"https:\/\/www.ernstbrunn-apotheke.at\/katalog\/wp-json\/wp\/v2\/product\/42755","targetHints":{"allow":["GET"]}}],"collection":[{"href":"https:\/\/www.ernstbrunn-apotheke.at\/katalog\/wp-json\/wp\/v2\/product"}],"about":[{"href":"https:\/\/www.ernstbrunn-apotheke.at\/katalog\/wp-json\/wp\/v2\/types\/product"}],"wp:featuredmedia":[{"embeddable":true,"href":"https:\/\/www.ernstbrunn-apotheke.at\/katalog\/wp-json\/wp\/v2\/media\/42757"}],"wp:attachment":[{"href":"https:\/\/www.ernstbrunn-apotheke.at\/katalog\/wp-json\/wp\/v2\/media?parent=42755"}],"wp:term":[{"taxonomy":"product_brand","embeddable":true,"href":"https:\/\/www.ernstbrunn-apotheke.at\/katalog\/wp-json\/wp\/v2\/product_brand?post=42755"},{"taxonomy":"product_cat","embeddable":true,"href":"https:\/\/www.ernstbrunn-apotheke.at\/katalog\/wp-json\/wp\/v2\/product_cat?post=42755"},{"taxonomy":"product_tag","embeddable":true,"href":"https:\/\/www.ernstbrunn-apotheke.at\/katalog\/wp-json\/wp\/v2\/product_tag?post=42755"}],"curies":[{"name":"wp","href":"https:\/\/api.w.org\/{rel}","templated":true}]}}