{"id":41841,"date":"2025-11-10T15:40:36","date_gmt":"2025-11-10T14:40:36","guid":{"rendered":"https:\/\/www.ernstbrunn-apotheke.at\/katalog\/produkt\/wellion-calla-light-blutzuckermessgeraet-set-2\/"},"modified":"2025-12-08T16:05:58","modified_gmt":"2025-12-08T15:05:58","slug":"wellion-calla-light-blutzuckermessgeraet-set-2","status":"publish","type":"product","link":"https:\/\/www.ernstbrunn-apotheke.at\/katalog\/produkt\/wellion-calla-light-blutzuckermessgeraet-set-2\/","title":{"rendered":"Wellion CALLA Light Blutzuckermessger\u00e4t Set"},"content":{"rendered":"<p>Die handliche, au\u00dfergew\u00f6hnliche Form, ein perfekt lesbares Display, die rutschfeste Beschichtung und einige praktische Zusatzfunktionen, die das Leben mit Diabetes erleichtern.<\/p>\n<p>Endlich k\u00f6nnen Durchschnittswerte von 1,7,14,30,60 und 90 Tagen angezeigt werden. Durch diese Information wird Ihnen und medizinischem Fachpersonal eine genauere Beurteilung der Diabeteseinstellung erm\u00f6glicht.<\/p>\n<p>Zus\u00e4tzlich zu den 3 verschieden einstellbaren Alarmen, die an das Blutzuckermessen erinnern, k\u00f6nnen Blutzuckergrenzwerte eingestellt werden. Wenn der gemessene Wert \u00fcber oder unter den individuell einstellbaren Grenzen liegt, wird dieser Wert am Display markiert werden. Dieser Alarm bei Hypo- oder Hyperglyk\u00e4miewerten f\u00fchrt zu einer Erh\u00f6hung der Wahrnehmung und stellt somit sicher, dass die richtigen Ma\u00dfnahmen zur Behandlung getroffen werden.<\/p>\n<p>Im Speicher des Wellion CALLA Light Blutzuckermessger\u00e4tes finden sich 500 Messwerte mit Datum und Uhrzeit, die mit Hilfe der Pfeiltasten einfach angesehen und durchgebl\u00e4ttert werden k\u00f6nnen.<\/p>\n<p>Die Messergebnisse k\u00f6nnen vom hintergrundbeleuchteten Display besonders gut abgelesen werden, was zus\u00e4tzlich durch die besonders gro\u00dfen Zahlen erleichtert wird. Die au\u00dfergew\u00f6hnlich gute Lesbarkeit stellt f\u00fcr viele Diabetiker eine gro\u00dfe Hilfe im Alltag dar.<\/p>\n<p>Das Wellion CALLA light bietet die M\u00f6glichkeit, Messwerte zu markieren, die VOR bzw. NACH dem Essen gemessen wurden, was eine bessere Betrachtung der postprandialen Blutzuckerwerte erlaubt.<\/p>\n<p>Wellion &#8211; Ihre \u00d6sterreichische Diabetesmarke<\/p>\n","protected":false},"excerpt":{"rendered":"<p>Die handliche, au\u00dfergew\u00f6hnliche Form, ein perfekt lesbares Display, die rutschfeste Beschichtung und einige praktische Zusatzfunktionen, die das Leben mit Diabetes erleichtern. Endlich k\u00f6nnen Durchschnittswerte von 1,7,14,30,60 und 90 Tagen angezeigt werden. Durch diese Information wird Ihnen und medizinischem Fachpersonal eine genauere Beurteilung der Diabeteseinstellung erm\u00f6glicht. Zus\u00e4tzlich zu den 3 verschieden einstellbaren Alarmen, die an das [&hellip;]<\/p>\n","protected":false},"featured_media":41843,"template":"","meta":{"_acf_changed":false},"product_brand":[437],"product_cat":[796],"product_tag":[],"class_list":{"0":"post-41841","1":"product","2":"type-product","3":"status-publish","4":"has-post-thumbnail","6":"product_brand-wellion","7":"product_cat-w","8":"pa_farbe-weiss","9":"pa_packungsgroesse-1-stueck","11":"first","12":"instock","13":"shipping-taxable","14":"purchasable","15":"product-type-simple"},"acf":[],"_links":{"self":[{"href":"https:\/\/www.ernstbrunn-apotheke.at\/katalog\/wp-json\/wp\/v2\/product\/41841","targetHints":{"allow":["GET"]}}],"collection":[{"href":"https:\/\/www.ernstbrunn-apotheke.at\/katalog\/wp-json\/wp\/v2\/product"}],"about":[{"href":"https:\/\/www.ernstbrunn-apotheke.at\/katalog\/wp-json\/wp\/v2\/types\/product"}],"wp:featuredmedia":[{"embeddable":true,"href":"https:\/\/www.ernstbrunn-apotheke.at\/katalog\/wp-json\/wp\/v2\/media\/41843"}],"wp:attachment":[{"href":"https:\/\/www.ernstbrunn-apotheke.at\/katalog\/wp-json\/wp\/v2\/media?parent=41841"}],"wp:term":[{"taxonomy":"product_brand","embeddable":true,"href":"https:\/\/www.ernstbrunn-apotheke.at\/katalog\/wp-json\/wp\/v2\/product_brand?post=41841"},{"taxonomy":"product_cat","embeddable":true,"href":"https:\/\/www.ernstbrunn-apotheke.at\/katalog\/wp-json\/wp\/v2\/product_cat?post=41841"},{"taxonomy":"product_tag","embeddable":true,"href":"https:\/\/www.ernstbrunn-apotheke.at\/katalog\/wp-json\/wp\/v2\/product_tag?post=41841"}],"curies":[{"name":"wp","href":"https:\/\/api.w.org\/{rel}","templated":true}]}}