{"id":40105,"date":"2025-11-10T15:04:10","date_gmt":"2025-11-10T14:04:10","guid":{"rendered":"https:\/\/www.ernstbrunn-apotheke.at\/katalog\/produkt\/ohropax-multi-wiederverwendbar-2-stk\/"},"modified":"2025-12-08T15:57:26","modified_gmt":"2025-12-08T14:57:26","slug":"ohropax-multi-wiederverwendbar-2-stk","status":"publish","type":"product","link":"https:\/\/www.ernstbrunn-apotheke.at\/katalog\/produkt\/ohropax-multi-wiederverwendbar-2-stk\/","title":{"rendered":"Ohropax Multi Wiederverwendbar 2 Stk."},"content":{"rendered":"<p>Ohropax Multi Wiederverwendbar sch\u00fctzt effektiv vor L\u00e4rm. Auch wenn es um das Thema Arbeitsschutz geht, kann dieses Produkt deutlich punkten. Der Ohrst\u00f6psel aus angenehmem Kunststoff ist anatomisch geformt und verf\u00fcgt \u00fcber weiche, luftgepolsterte Lamellen. Die St\u00f6psel sind mit einem Band verbunden. Damit lassen sie sich bei Tragepausen einfach um den Hals h\u00e4ngen und sind so immer griffbereit.<\/p>\n","protected":false},"excerpt":{"rendered":"<p>Ohropax Multi Wiederverwendbar sch\u00fctzt effektiv vor L\u00e4rm. Auch wenn es um das Thema Arbeitsschutz geht, kann dieses Produkt deutlich punkten. Der Ohrst\u00f6psel aus angenehmem Kunststoff ist anatomisch geformt und verf\u00fcgt \u00fcber weiche, luftgepolsterte Lamellen. Die St\u00f6psel sind mit einem Band verbunden. Damit lassen sie sich bei Tragepausen einfach um den Hals h\u00e4ngen und sind so [&hellip;]<\/p>\n","protected":false},"featured_media":40107,"template":"","meta":{"_acf_changed":false},"product_brand":[951],"product_cat":[819],"product_tag":[],"class_list":{"0":"post-40105","1":"product","2":"type-product","3":"status-publish","4":"has-post-thumbnail","6":"product_brand-ohropax","7":"product_cat-o","8":"pa_packungsgroesse-2-stueck","10":"first","11":"instock","12":"shipping-taxable","13":"purchasable","14":"product-type-simple"},"acf":[],"_links":{"self":[{"href":"https:\/\/www.ernstbrunn-apotheke.at\/katalog\/wp-json\/wp\/v2\/product\/40105","targetHints":{"allow":["GET"]}}],"collection":[{"href":"https:\/\/www.ernstbrunn-apotheke.at\/katalog\/wp-json\/wp\/v2\/product"}],"about":[{"href":"https:\/\/www.ernstbrunn-apotheke.at\/katalog\/wp-json\/wp\/v2\/types\/product"}],"wp:featuredmedia":[{"embeddable":true,"href":"https:\/\/www.ernstbrunn-apotheke.at\/katalog\/wp-json\/wp\/v2\/media\/40107"}],"wp:attachment":[{"href":"https:\/\/www.ernstbrunn-apotheke.at\/katalog\/wp-json\/wp\/v2\/media?parent=40105"}],"wp:term":[{"taxonomy":"product_brand","embeddable":true,"href":"https:\/\/www.ernstbrunn-apotheke.at\/katalog\/wp-json\/wp\/v2\/product_brand?post=40105"},{"taxonomy":"product_cat","embeddable":true,"href":"https:\/\/www.ernstbrunn-apotheke.at\/katalog\/wp-json\/wp\/v2\/product_cat?post=40105"},{"taxonomy":"product_tag","embeddable":true,"href":"https:\/\/www.ernstbrunn-apotheke.at\/katalog\/wp-json\/wp\/v2\/product_tag?post=40105"}],"curies":[{"name":"wp","href":"https:\/\/api.w.org\/{rel}","templated":true}]}}