{"id":39876,"date":"2025-11-10T14:13:03","date_gmt":"2025-11-10T13:13:03","guid":{"rendered":"https:\/\/www.ernstbrunn-apotheke.at\/katalog\/produkt\/australische-buschbluetenessenz-rose-wild-15-ml\/"},"modified":"2025-12-08T15:56:24","modified_gmt":"2025-12-08T14:56:24","slug":"australische-buschbluetenessenz-rose-wild-15-ml","status":"publish","type":"product","link":"https:\/\/www.ernstbrunn-apotheke.at\/katalog\/produkt\/australische-buschbluetenessenz-rose-wild-15-ml\/","title":{"rendered":"Australische Buschbl\u00fctenessenz Rose Wild 15 ml"},"content":{"rendered":"<p>Australische Buschbl\u00fctenessenz Rose Wild unterst\u00fctzt Menschen, die das Gef\u00fchl haben, ihren Lebensinn verloren zu haben und f\u00fchrt sie in neue Hoffnung, neues Interesse und \u00f6ffnet sie, um neue Kontakte zu schlie\u00dfen. Auch geringe Selbstachtung, Unsicherheit sowie Interessenmangel an Arbeit werden gewandelt in Freude, Freiheit, Leichtigkeit, so dass sich mit Begeisterung n\u00fctzlichen Aufgaben gewidmet werden kann.<\/p>\n","protected":false},"excerpt":{"rendered":"<p>Australische Buschbl\u00fctenessenz Rose Wild unterst\u00fctzt Menschen, die das Gef\u00fchl haben, ihren Lebensinn verloren zu haben und f\u00fchrt sie in neue Hoffnung, neues Interesse und \u00f6ffnet sie, um neue Kontakte zu schlie\u00dfen. Auch geringe Selbstachtung, Unsicherheit sowie Interessenmangel an Arbeit werden gewandelt in Freude, Freiheit, Leichtigkeit, so dass sich mit Begeisterung n\u00fctzlichen Aufgaben gewidmet werden kann.<\/p>\n","protected":false},"featured_media":0,"template":"","meta":{"_acf_changed":false},"product_brand":[930],"product_cat":[801],"product_tag":[],"class_list":{"0":"post-39876","1":"product","2":"type-product","3":"status-publish","5":"product_brand-australische-buschblueten","6":"product_cat-a","7":"pa_packungsgroesse-15ml","9":"first","10":"instock","11":"shipping-taxable","12":"purchasable","13":"product-type-simple"},"acf":[],"_links":{"self":[{"href":"https:\/\/www.ernstbrunn-apotheke.at\/katalog\/wp-json\/wp\/v2\/product\/39876","targetHints":{"allow":["GET"]}}],"collection":[{"href":"https:\/\/www.ernstbrunn-apotheke.at\/katalog\/wp-json\/wp\/v2\/product"}],"about":[{"href":"https:\/\/www.ernstbrunn-apotheke.at\/katalog\/wp-json\/wp\/v2\/types\/product"}],"wp:attachment":[{"href":"https:\/\/www.ernstbrunn-apotheke.at\/katalog\/wp-json\/wp\/v2\/media?parent=39876"}],"wp:term":[{"taxonomy":"product_brand","embeddable":true,"href":"https:\/\/www.ernstbrunn-apotheke.at\/katalog\/wp-json\/wp\/v2\/product_brand?post=39876"},{"taxonomy":"product_cat","embeddable":true,"href":"https:\/\/www.ernstbrunn-apotheke.at\/katalog\/wp-json\/wp\/v2\/product_cat?post=39876"},{"taxonomy":"product_tag","embeddable":true,"href":"https:\/\/www.ernstbrunn-apotheke.at\/katalog\/wp-json\/wp\/v2\/product_tag?post=39876"}],"curies":[{"name":"wp","href":"https:\/\/api.w.org\/{rel}","templated":true}]}}