{"id":39383,"date":"2025-11-10T13:53:12","date_gmt":"2025-11-10T12:53:12","guid":{"rendered":"https:\/\/www.ernstbrunn-apotheke.at\/katalog\/produkt\/adler-pharma-schuessler-nr-32-natrium-tetraboracicum-d-12-100-g-d-12\/"},"modified":"2025-12-08T15:53:34","modified_gmt":"2025-12-08T14:53:34","slug":"adler-pharma-schuessler-nr-32-natrium-tetraboracicum-d-12-100-g-d-12","status":"publish","type":"product","link":"https:\/\/www.ernstbrunn-apotheke.at\/katalog\/produkt\/adler-pharma-schuessler-nr-32-natrium-tetraboracicum-d-12-100-g-d-12\/","title":{"rendered":"Adler Pharma Sch\u00fc\u00dfler Nr. 32 Natrium Tetraboracicum D 12 100 g D 12"},"content":{"rendered":"<p>Sch\u00fc\u00dfler Nr. 32 Natrium Tetraboracicum werden regulierende Funktionen auf das Immunsystem sowie antioxidative Eigenschaften zugeschrieben. Dieser Mineralstoff unterst\u00fctzt den Stoffwechsel im Gehirn und hat Bedeutung f\u00fcr gesunde Augen bez\u00fcglich Feuchtigkeit und Sehkraft.<\/p>\n","protected":false},"excerpt":{"rendered":"<p>Sch\u00fc\u00dfler Nr. 32 Natrium Tetraboracicum werden regulierende Funktionen auf das Immunsystem sowie antioxidative Eigenschaften zugeschrieben. Dieser Mineralstoff unterst\u00fctzt den Stoffwechsel im Gehirn und hat Bedeutung f\u00fcr gesunde Augen bez\u00fcglich Feuchtigkeit und Sehkraft.<\/p>\n","protected":false},"featured_media":39385,"template":"","meta":{"_acf_changed":false},"product_brand":[928],"product_cat":[801],"product_tag":[],"class_list":{"0":"post-39383","1":"product","2":"type-product","3":"status-publish","4":"has-post-thumbnail","6":"product_brand-adler-pharma","7":"product_cat-a","8":"pa_packungsgroesse-100g","10":"first","11":"instock","12":"shipping-taxable","13":"purchasable","14":"product-type-simple"},"acf":[],"_links":{"self":[{"href":"https:\/\/www.ernstbrunn-apotheke.at\/katalog\/wp-json\/wp\/v2\/product\/39383","targetHints":{"allow":["GET"]}}],"collection":[{"href":"https:\/\/www.ernstbrunn-apotheke.at\/katalog\/wp-json\/wp\/v2\/product"}],"about":[{"href":"https:\/\/www.ernstbrunn-apotheke.at\/katalog\/wp-json\/wp\/v2\/types\/product"}],"wp:featuredmedia":[{"embeddable":true,"href":"https:\/\/www.ernstbrunn-apotheke.at\/katalog\/wp-json\/wp\/v2\/media\/39385"}],"wp:attachment":[{"href":"https:\/\/www.ernstbrunn-apotheke.at\/katalog\/wp-json\/wp\/v2\/media?parent=39383"}],"wp:term":[{"taxonomy":"product_brand","embeddable":true,"href":"https:\/\/www.ernstbrunn-apotheke.at\/katalog\/wp-json\/wp\/v2\/product_brand?post=39383"},{"taxonomy":"product_cat","embeddable":true,"href":"https:\/\/www.ernstbrunn-apotheke.at\/katalog\/wp-json\/wp\/v2\/product_cat?post=39383"},{"taxonomy":"product_tag","embeddable":true,"href":"https:\/\/www.ernstbrunn-apotheke.at\/katalog\/wp-json\/wp\/v2\/product_tag?post=39383"}],"curies":[{"name":"wp","href":"https:\/\/api.w.org\/{rel}","templated":true}]}}