{"id":39343,"date":"2025-11-10T13:52:13","date_gmt":"2025-11-10T12:52:13","guid":{"rendered":"https:\/\/www.ernstbrunn-apotheke.at\/katalog\/produkt\/adler-pharma-ortho-aktiv-basen-plus-kapseln-60-stk\/"},"modified":"2025-12-08T15:53:29","modified_gmt":"2025-12-08T14:53:29","slug":"adler-pharma-ortho-aktiv-basen-plus-kapseln-60-stk","status":"publish","type":"product","link":"https:\/\/www.ernstbrunn-apotheke.at\/katalog\/produkt\/adler-pharma-ortho-aktiv-basen-plus-kapseln-60-stk\/","title":{"rendered":"Adler Pharma Ortho Aktiv Basen Plus Kapseln 60 Stk."},"content":{"rendered":"<p>Adler Ortho Aktiv \u2013 die auf jedes Sch\u00fc\u00dfler Salz von Nr. 1 \u2013 Nr. 12 abgestimmte N\u00e4hrstoffkombinationen, welche die ganzk\u00f6rperliche Wirkung des betreffenden Sch\u00fc\u00dfler Salzes begleiten und unterst\u00fctzen. Die Adler Ortho Aktiv Kapseln Nr.9 versorgen den K\u00f6rper mit Magnesium- und Calciumsalzen, die den Basen-S\u00e4ure-Haushalt regulieren. Eine Vers\u00e4uerung des K\u00f6rpers kann das Bindegewebe ver\u00e4ndern und verschiedene chronische Krankheiten des Stoffwechsels hervorrufen. Der Wirkstoff Weizengrasssaft verbindet wichtige Mineralstoffe, Spurenelemente, Vitamine, Aminos\u00e4uren und den Blattfarbstoff Chlorophyll miteinander und hilft dem K\u00f6rper giftige Stoffe auszuscheiden und Entgiftungsprozesse zu unterst\u00fctzen. Das Propolisextrakt wirkt zus\u00e4tzlich entz\u00fcndungshemmend und beruhigend auf den Magen und st\u00e4rkt das Immunsystem auf sanfte Weise.<\/p>\n","protected":false},"excerpt":{"rendered":"<p>Adler Ortho Aktiv \u2013 die auf jedes Sch\u00fc\u00dfler Salz von Nr. 1 \u2013 Nr. 12 abgestimmte N\u00e4hrstoffkombinationen, welche die ganzk\u00f6rperliche Wirkung des betreffenden Sch\u00fc\u00dfler Salzes begleiten und unterst\u00fctzen. Die Adler Ortho Aktiv Kapseln Nr.9 versorgen den K\u00f6rper mit Magnesium- und Calciumsalzen, die den Basen-S\u00e4ure-Haushalt regulieren. Eine Vers\u00e4uerung des K\u00f6rpers kann das Bindegewebe ver\u00e4ndern und verschiedene [&hellip;]<\/p>\n","protected":false},"featured_media":39345,"template":"","meta":{"_acf_changed":false},"product_brand":[928],"product_cat":[801],"product_tag":[],"class_list":{"0":"post-39343","1":"product","2":"type-product","3":"status-publish","4":"has-post-thumbnail","6":"product_brand-adler-pharma","7":"product_cat-a","8":"pa_farbe-leicht-gelb","9":"pa_geschmack-pflanzenextrakt","10":"pa_packungsgroesse-60-stueck","12":"first","13":"instock","14":"shipping-taxable","15":"purchasable","16":"product-type-simple"},"acf":[],"_links":{"self":[{"href":"https:\/\/www.ernstbrunn-apotheke.at\/katalog\/wp-json\/wp\/v2\/product\/39343","targetHints":{"allow":["GET"]}}],"collection":[{"href":"https:\/\/www.ernstbrunn-apotheke.at\/katalog\/wp-json\/wp\/v2\/product"}],"about":[{"href":"https:\/\/www.ernstbrunn-apotheke.at\/katalog\/wp-json\/wp\/v2\/types\/product"}],"wp:featuredmedia":[{"embeddable":true,"href":"https:\/\/www.ernstbrunn-apotheke.at\/katalog\/wp-json\/wp\/v2\/media\/39345"}],"wp:attachment":[{"href":"https:\/\/www.ernstbrunn-apotheke.at\/katalog\/wp-json\/wp\/v2\/media?parent=39343"}],"wp:term":[{"taxonomy":"product_brand","embeddable":true,"href":"https:\/\/www.ernstbrunn-apotheke.at\/katalog\/wp-json\/wp\/v2\/product_brand?post=39343"},{"taxonomy":"product_cat","embeddable":true,"href":"https:\/\/www.ernstbrunn-apotheke.at\/katalog\/wp-json\/wp\/v2\/product_cat?post=39343"},{"taxonomy":"product_tag","embeddable":true,"href":"https:\/\/www.ernstbrunn-apotheke.at\/katalog\/wp-json\/wp\/v2\/product_tag?post=39343"}],"curies":[{"name":"wp","href":"https:\/\/api.w.org\/{rel}","templated":true}]}}