{"id":39299,"date":"2025-11-10T13:51:17","date_gmt":"2025-11-10T12:51:17","guid":{"rendered":"https:\/\/www.ernstbrunn-apotheke.at\/katalog\/produkt\/adler-pharma-ortho-aktiv-silizium-plus-kapseln-60-stk\/"},"modified":"2025-12-08T15:53:18","modified_gmt":"2025-12-08T14:53:18","slug":"adler-pharma-ortho-aktiv-silizium-plus-kapseln-60-stk","status":"publish","type":"product","link":"https:\/\/www.ernstbrunn-apotheke.at\/katalog\/produkt\/adler-pharma-ortho-aktiv-silizium-plus-kapseln-60-stk\/","title":{"rendered":"Adler Pharma Ortho Aktiv Silizium Plus Kapseln 60 Stk."},"content":{"rendered":"<p>Adler Pharma Ortho Aktiv Kapseln Nr. 11 enthalten Vitamin C, welches zu einer normalen Kollagenbildung f\u00fcr eine normale Funktion der Haut beitr\u00e4gt. Weitere Wirkstoffe in diesen Kapseln sind Selen, Biotin und Zink.Silicium aus Kieselerde und Vitamin C f\u00f6rdert den Aufbau eines gesunden und elastischen Bindegewebes. Kieselerde besteht zu etwa 90 % aus Siliziumdioxid, welches aus Kieselalgen hergestellt wird. Das darin enthaltene Silicium ist wichtig f\u00fcr die Neubildung von Haut, Haaren, N\u00e4geln und Knorpeln. Vor allem im Bindegewebe ist Silicium verantwortlich f\u00fcr die Bildung und Quervernetzung der kollagenen Eiwei\u00dffasern sowie der strukturelastischen Grundsubstanz was zu einer strafferen und pralleren Haut f\u00fchren kann. Adler Ortho Aktiv Kapseln Nr. 11 stellen deshalb eine perfekte Kombination von Wirkstoffen dar, um alle Anwendungsgebiete optimal abzudecken..<\/p>\n","protected":false},"excerpt":{"rendered":"<p>Adler Pharma Ortho Aktiv Kapseln Nr. 11 enthalten Vitamin C, welches zu einer normalen Kollagenbildung f\u00fcr eine normale Funktion der Haut beitr\u00e4gt. Weitere Wirkstoffe in diesen Kapseln sind Selen, Biotin und Zink.Silicium aus Kieselerde und Vitamin C f\u00f6rdert den Aufbau eines gesunden und elastischen Bindegewebes. Kieselerde besteht zu etwa 90 % aus Siliziumdioxid, welches aus [&hellip;]<\/p>\n","protected":false},"featured_media":39301,"template":"","meta":{"_acf_changed":false},"product_brand":[928],"product_cat":[801],"product_tag":[],"class_list":{"0":"post-39299","1":"product","2":"type-product","3":"status-publish","4":"has-post-thumbnail","6":"product_brand-adler-pharma","7":"product_cat-a","8":"pa_packungsgroesse-60-stueck","10":"first","11":"instock","12":"shipping-taxable","13":"purchasable","14":"product-type-simple"},"acf":[],"_links":{"self":[{"href":"https:\/\/www.ernstbrunn-apotheke.at\/katalog\/wp-json\/wp\/v2\/product\/39299","targetHints":{"allow":["GET"]}}],"collection":[{"href":"https:\/\/www.ernstbrunn-apotheke.at\/katalog\/wp-json\/wp\/v2\/product"}],"about":[{"href":"https:\/\/www.ernstbrunn-apotheke.at\/katalog\/wp-json\/wp\/v2\/types\/product"}],"wp:featuredmedia":[{"embeddable":true,"href":"https:\/\/www.ernstbrunn-apotheke.at\/katalog\/wp-json\/wp\/v2\/media\/39301"}],"wp:attachment":[{"href":"https:\/\/www.ernstbrunn-apotheke.at\/katalog\/wp-json\/wp\/v2\/media?parent=39299"}],"wp:term":[{"taxonomy":"product_brand","embeddable":true,"href":"https:\/\/www.ernstbrunn-apotheke.at\/katalog\/wp-json\/wp\/v2\/product_brand?post=39299"},{"taxonomy":"product_cat","embeddable":true,"href":"https:\/\/www.ernstbrunn-apotheke.at\/katalog\/wp-json\/wp\/v2\/product_cat?post=39299"},{"taxonomy":"product_tag","embeddable":true,"href":"https:\/\/www.ernstbrunn-apotheke.at\/katalog\/wp-json\/wp\/v2\/product_tag?post=39299"}],"curies":[{"name":"wp","href":"https:\/\/api.w.org\/{rel}","templated":true}]}}