{"id":39226,"date":"2025-11-10T13:49:36","date_gmt":"2025-11-10T12:49:36","guid":{"rendered":"https:\/\/www.ernstbrunn-apotheke.at\/katalog\/produkt\/schuessler-nr-7-magnesium-phosphoricum-kautabletten-100-g\/"},"modified":"2025-12-08T15:52:55","modified_gmt":"2025-12-08T14:52:55","slug":"schuessler-nr-7-magnesium-phosphoricum-kautabletten-100-g","status":"publish","type":"product","link":"https:\/\/www.ernstbrunn-apotheke.at\/katalog\/produkt\/schuessler-nr-7-magnesium-phosphoricum-kautabletten-100-g\/","title":{"rendered":"Sch\u00fc\u00dfler Nr. 7 Magnesium phosphoricum Kautabletten 100 g"},"content":{"rendered":"<p>Sch\u00fc\u00dfler Nr. 7 Magnesium Phosphoricum Adler 100 g D 6 Kautabletten unterst\u00fctzen das vegetative Nervensystem und haben daher Einfluss auf die T\u00e4tigkeit von Herz, Nerven, Dr\u00fcsen und Verdauungsapparat. Magnesium phosphoricum entspannt bei Stress jeder Art und unterst\u00fctzt die Leistungsf\u00e4higkeit der Muskulatur im Sport. Auch bei beginnender Migr\u00e4ne oder Regelschmerzen wird Nr. 7 gerne eingenommen.<\/p>\n","protected":false},"excerpt":{"rendered":"<p>Sch\u00fc\u00dfler Nr. 7 Magnesium Phosphoricum Adler 100 g D 6 Kautabletten unterst\u00fctzen das vegetative Nervensystem und haben daher Einfluss auf die T\u00e4tigkeit von Herz, Nerven, Dr\u00fcsen und Verdauungsapparat. Magnesium phosphoricum entspannt bei Stress jeder Art und unterst\u00fctzt die Leistungsf\u00e4higkeit der Muskulatur im Sport. Auch bei beginnender Migr\u00e4ne oder Regelschmerzen wird Nr. 7 gerne eingenommen.<\/p>\n","protected":false},"featured_media":39228,"template":"","meta":{"_acf_changed":false},"product_brand":[938],"product_cat":[791],"product_tag":[],"class_list":{"0":"post-39226","1":"product","2":"type-product","3":"status-publish","4":"has-post-thumbnail","6":"product_brand-schuessler","7":"product_cat-s","8":"pa_packungsgroesse-100g","10":"first","11":"instock","12":"shipping-taxable","13":"purchasable","14":"product-type-simple"},"acf":[],"_links":{"self":[{"href":"https:\/\/www.ernstbrunn-apotheke.at\/katalog\/wp-json\/wp\/v2\/product\/39226","targetHints":{"allow":["GET"]}}],"collection":[{"href":"https:\/\/www.ernstbrunn-apotheke.at\/katalog\/wp-json\/wp\/v2\/product"}],"about":[{"href":"https:\/\/www.ernstbrunn-apotheke.at\/katalog\/wp-json\/wp\/v2\/types\/product"}],"wp:featuredmedia":[{"embeddable":true,"href":"https:\/\/www.ernstbrunn-apotheke.at\/katalog\/wp-json\/wp\/v2\/media\/39228"}],"wp:attachment":[{"href":"https:\/\/www.ernstbrunn-apotheke.at\/katalog\/wp-json\/wp\/v2\/media?parent=39226"}],"wp:term":[{"taxonomy":"product_brand","embeddable":true,"href":"https:\/\/www.ernstbrunn-apotheke.at\/katalog\/wp-json\/wp\/v2\/product_brand?post=39226"},{"taxonomy":"product_cat","embeddable":true,"href":"https:\/\/www.ernstbrunn-apotheke.at\/katalog\/wp-json\/wp\/v2\/product_cat?post=39226"},{"taxonomy":"product_tag","embeddable":true,"href":"https:\/\/www.ernstbrunn-apotheke.at\/katalog\/wp-json\/wp\/v2\/product_tag?post=39226"}],"curies":[{"name":"wp","href":"https:\/\/api.w.org\/{rel}","templated":true}]}}