{"id":39181,"date":"2025-11-10T13:48:54","date_gmt":"2025-11-10T12:48:54","guid":{"rendered":"https:\/\/www.ernstbrunn-apotheke.at\/katalog\/produkt\/adler-pharma-schuessler-nr-20-aluminium-kalium-sulfuricum-100-g-d-12\/"},"modified":"2025-12-08T15:52:40","modified_gmt":"2025-12-08T14:52:40","slug":"adler-pharma-schuessler-nr-20-aluminium-kalium-sulfuricum-100-g-d-12","status":"publish","type":"product","link":"https:\/\/www.ernstbrunn-apotheke.at\/katalog\/produkt\/adler-pharma-schuessler-nr-20-aluminium-kalium-sulfuricum-100-g-d-12\/","title":{"rendered":"Adler Pharma Sch\u00fc\u00dfler Nr. 20 Aluminium Kalium Sulfuricum 100 g D 12"},"content":{"rendered":"<p>Sch\u00fc\u00dfler Nr. 20 Aluminium Kalium Sulfuricum wirkt zusammenziehend auf Wunden und Schleimh\u00e4ute, was durch Eiwei\u00dfgerinnung bew\u00e4ltigt wird. Dadurch entsteht eine entz\u00fcndungshemmende und blutgerinnende Wirkung, welche bei Blutungen, Schleimhautentz\u00fcndungen und Durchf\u00e4llen zum Einsatz kommt. Das biochemische Salz kann aber auch die Schwei\u00dfbildung hemmen.<\/p>\n","protected":false},"excerpt":{"rendered":"<p>Sch\u00fc\u00dfler Nr. 20 Aluminium Kalium Sulfuricum wirkt zusammenziehend auf Wunden und Schleimh\u00e4ute, was durch Eiwei\u00dfgerinnung bew\u00e4ltigt wird. Dadurch entsteht eine entz\u00fcndungshemmende und blutgerinnende Wirkung, welche bei Blutungen, Schleimhautentz\u00fcndungen und Durchf\u00e4llen zum Einsatz kommt. Das biochemische Salz kann aber auch die Schwei\u00dfbildung hemmen.<\/p>\n","protected":false},"featured_media":39183,"template":"","meta":{"_acf_changed":false},"product_brand":[928],"product_cat":[801],"product_tag":[],"class_list":{"0":"post-39181","1":"product","2":"type-product","3":"status-publish","4":"has-post-thumbnail","6":"product_brand-adler-pharma","7":"product_cat-a","8":"pa_packungsgroesse-250g","9":"pa_packungsgroesse-100g","10":"pa_packungsgroesse-500g","12":"first","13":"instock","14":"shipping-taxable","15":"purchasable","16":"product-type-simple"},"acf":[],"_links":{"self":[{"href":"https:\/\/www.ernstbrunn-apotheke.at\/katalog\/wp-json\/wp\/v2\/product\/39181","targetHints":{"allow":["GET"]}}],"collection":[{"href":"https:\/\/www.ernstbrunn-apotheke.at\/katalog\/wp-json\/wp\/v2\/product"}],"about":[{"href":"https:\/\/www.ernstbrunn-apotheke.at\/katalog\/wp-json\/wp\/v2\/types\/product"}],"wp:featuredmedia":[{"embeddable":true,"href":"https:\/\/www.ernstbrunn-apotheke.at\/katalog\/wp-json\/wp\/v2\/media\/39183"}],"wp:attachment":[{"href":"https:\/\/www.ernstbrunn-apotheke.at\/katalog\/wp-json\/wp\/v2\/media?parent=39181"}],"wp:term":[{"taxonomy":"product_brand","embeddable":true,"href":"https:\/\/www.ernstbrunn-apotheke.at\/katalog\/wp-json\/wp\/v2\/product_brand?post=39181"},{"taxonomy":"product_cat","embeddable":true,"href":"https:\/\/www.ernstbrunn-apotheke.at\/katalog\/wp-json\/wp\/v2\/product_cat?post=39181"},{"taxonomy":"product_tag","embeddable":true,"href":"https:\/\/www.ernstbrunn-apotheke.at\/katalog\/wp-json\/wp\/v2\/product_tag?post=39181"}],"curies":[{"name":"wp","href":"https:\/\/api.w.org\/{rel}","templated":true}]}}