{"id":39128,"date":"2025-11-10T13:48:06","date_gmt":"2025-11-10T12:48:06","guid":{"rendered":"https:\/\/www.ernstbrunn-apotheke.at\/katalog\/produkt\/adler-pharma-schuessler-nr-25-aurum-chloratum-natronatum-100-g-d-12\/"},"modified":"2025-12-08T15:52:22","modified_gmt":"2025-12-08T14:52:22","slug":"adler-pharma-schuessler-nr-25-aurum-chloratum-natronatum-100-g-d-12","status":"publish","type":"product","link":"https:\/\/www.ernstbrunn-apotheke.at\/katalog\/produkt\/adler-pharma-schuessler-nr-25-aurum-chloratum-natronatum-100-g-d-12\/","title":{"rendered":"Adler Pharma Sch\u00fc\u00dfler Nr. 25 Aurum Chloratum Natronatum 100 g D 12"},"content":{"rendered":"<p>Adler Pharma Sch\u00fc\u00dfler Nr. 25 Aurum chloratum natronatum wirkt auf die Zirbeldr\u00fcse ein, welche das Hormon Melatonin bildet. Dieses ist verantwortlich f\u00fcr den Biorhythmus des Menschen und steuert so den Wach- und Schlafrhythmus. Auch der weibliche Menstruationszyklus wird durch Melatonin beeinflusst. Daher kann mit dem Sch\u00fc\u00dfler-Salz Nr. 25 jede Art von biologischer Rhythmusst\u00f6rung behandelt werden..<\/p>\n","protected":false},"excerpt":{"rendered":"<p>Adler Pharma Sch\u00fc\u00dfler Nr. 25 Aurum chloratum natronatum wirkt auf die Zirbeldr\u00fcse ein, welche das Hormon Melatonin bildet. Dieses ist verantwortlich f\u00fcr den Biorhythmus des Menschen und steuert so den Wach- und Schlafrhythmus. Auch der weibliche Menstruationszyklus wird durch Melatonin beeinflusst. Daher kann mit dem Sch\u00fc\u00dfler-Salz Nr. 25 jede Art von biologischer Rhythmusst\u00f6rung behandelt werden..<\/p>\n","protected":false},"featured_media":39130,"template":"","meta":{"_acf_changed":false},"product_brand":[928],"product_cat":[801],"product_tag":[],"class_list":{"0":"post-39128","1":"product","2":"type-product","3":"status-publish","4":"has-post-thumbnail","6":"product_brand-adler-pharma","7":"product_cat-a","8":"pa_packungsgroesse-250g","9":"pa_packungsgroesse-100g","10":"pa_packungsgroesse-500g","12":"first","13":"instock","14":"shipping-taxable","15":"purchasable","16":"product-type-simple"},"acf":[],"_links":{"self":[{"href":"https:\/\/www.ernstbrunn-apotheke.at\/katalog\/wp-json\/wp\/v2\/product\/39128","targetHints":{"allow":["GET"]}}],"collection":[{"href":"https:\/\/www.ernstbrunn-apotheke.at\/katalog\/wp-json\/wp\/v2\/product"}],"about":[{"href":"https:\/\/www.ernstbrunn-apotheke.at\/katalog\/wp-json\/wp\/v2\/types\/product"}],"wp:featuredmedia":[{"embeddable":true,"href":"https:\/\/www.ernstbrunn-apotheke.at\/katalog\/wp-json\/wp\/v2\/media\/39130"}],"wp:attachment":[{"href":"https:\/\/www.ernstbrunn-apotheke.at\/katalog\/wp-json\/wp\/v2\/media?parent=39128"}],"wp:term":[{"taxonomy":"product_brand","embeddable":true,"href":"https:\/\/www.ernstbrunn-apotheke.at\/katalog\/wp-json\/wp\/v2\/product_brand?post=39128"},{"taxonomy":"product_cat","embeddable":true,"href":"https:\/\/www.ernstbrunn-apotheke.at\/katalog\/wp-json\/wp\/v2\/product_cat?post=39128"},{"taxonomy":"product_tag","embeddable":true,"href":"https:\/\/www.ernstbrunn-apotheke.at\/katalog\/wp-json\/wp\/v2\/product_tag?post=39128"}],"curies":[{"name":"wp","href":"https:\/\/api.w.org\/{rel}","templated":true}]}}