{"id":38876,"date":"2025-11-10T13:42:52","date_gmt":"2025-11-10T12:42:52","guid":{"rendered":"https:\/\/www.ernstbrunn-apotheke.at\/katalog\/produkt\/adler-pharma-schuessler-tabletten-nr-7-magnesium-phosphoricum-d-6-100-g\/"},"modified":"2025-12-08T15:50:48","modified_gmt":"2025-12-08T14:50:48","slug":"adler-pharma-schuessler-tabletten-nr-7-magnesium-phosphoricum-d-6-100-g","status":"publish","type":"product","link":"https:\/\/www.ernstbrunn-apotheke.at\/katalog\/produkt\/adler-pharma-schuessler-tabletten-nr-7-magnesium-phosphoricum-d-6-100-g\/","title":{"rendered":"Adler Pharma Sch\u00fc\u00dfler Tabletten Nr. 7 Magnesium Phosphoricum D 6 100 g"},"content":{"rendered":"<p>Adler Pharma Dr. Sch\u00fc\u00dfler Tabletten Nr. 7 Magnesium Phosphoricum D 6 unterst\u00fctzen das vegetative Nervensystem und haben daher Einfluss auf die T\u00e4tigkeit von Herz, Nerven, Dr\u00fcsen und Verdauungsapparat. Die Tabletten entspannen bei Stress jeder Art und unterst\u00fctzen zudem die Leistungsf\u00e4higkeit der Muskulatur im Sport. Bei beginnender Migr\u00e4ne oder Regelschmerzen wird Nr. 7 meistens als &#8222;Hei\u00dfe 7&#8220; eingenommen.<\/p>\n","protected":false},"excerpt":{"rendered":"<p>Adler Pharma Dr. Sch\u00fc\u00dfler Tabletten Nr. 7 Magnesium Phosphoricum D 6 unterst\u00fctzen das vegetative Nervensystem und haben daher Einfluss auf die T\u00e4tigkeit von Herz, Nerven, Dr\u00fcsen und Verdauungsapparat. Die Tabletten entspannen bei Stress jeder Art und unterst\u00fctzen zudem die Leistungsf\u00e4higkeit der Muskulatur im Sport. Bei beginnender Migr\u00e4ne oder Regelschmerzen wird Nr. 7 meistens als &#8222;Hei\u00dfe [&hellip;]<\/p>\n","protected":false},"featured_media":38878,"template":"","meta":{"_acf_changed":false},"product_brand":[928],"product_cat":[801],"product_tag":[],"class_list":{"0":"post-38876","1":"product","2":"type-product","3":"status-publish","4":"has-post-thumbnail","6":"product_brand-adler-pharma","7":"product_cat-a","8":"pa_packungsgroesse-1000g","9":"pa_packungsgroesse-250g","10":"pa_packungsgroesse-100g","11":"pa_packungsgroesse-500g","13":"first","14":"instock","15":"shipping-taxable","16":"purchasable","17":"product-type-simple"},"acf":[],"_links":{"self":[{"href":"https:\/\/www.ernstbrunn-apotheke.at\/katalog\/wp-json\/wp\/v2\/product\/38876","targetHints":{"allow":["GET"]}}],"collection":[{"href":"https:\/\/www.ernstbrunn-apotheke.at\/katalog\/wp-json\/wp\/v2\/product"}],"about":[{"href":"https:\/\/www.ernstbrunn-apotheke.at\/katalog\/wp-json\/wp\/v2\/types\/product"}],"wp:featuredmedia":[{"embeddable":true,"href":"https:\/\/www.ernstbrunn-apotheke.at\/katalog\/wp-json\/wp\/v2\/media\/38878"}],"wp:attachment":[{"href":"https:\/\/www.ernstbrunn-apotheke.at\/katalog\/wp-json\/wp\/v2\/media?parent=38876"}],"wp:term":[{"taxonomy":"product_brand","embeddable":true,"href":"https:\/\/www.ernstbrunn-apotheke.at\/katalog\/wp-json\/wp\/v2\/product_brand?post=38876"},{"taxonomy":"product_cat","embeddable":true,"href":"https:\/\/www.ernstbrunn-apotheke.at\/katalog\/wp-json\/wp\/v2\/product_cat?post=38876"},{"taxonomy":"product_tag","embeddable":true,"href":"https:\/\/www.ernstbrunn-apotheke.at\/katalog\/wp-json\/wp\/v2\/product_tag?post=38876"}],"curies":[{"name":"wp","href":"https:\/\/api.w.org\/{rel}","templated":true}]}}