{"id":37872,"date":"2025-11-10T13:23:43","date_gmt":"2025-11-10T12:23:43","guid":{"rendered":"https:\/\/www.ernstbrunn-apotheke.at\/katalog\/produkt\/apozema-dreiklang-globuli-nr-58-drosera-15-g\/"},"modified":"2025-12-08T15:46:58","modified_gmt":"2025-12-08T14:46:58","slug":"apozema-dreiklang-globuli-nr-58-drosera-15-g","status":"publish","type":"product","link":"https:\/\/www.ernstbrunn-apotheke.at\/katalog\/produkt\/apozema-dreiklang-globuli-nr-58-drosera-15-g\/","title":{"rendered":"Apozema Dreiklang Globuli Nr. 58 Drosera 15 g"},"content":{"rendered":"<p>Apozema Dreiklang Globuli Nr. 58 Drosera wird bei trockenem und qu\u00e4lendem Krampf- und Reizhusten sowie tiefem, bellendem Husten angewendet. Dar\u00fcber hinaus wirkt das Mittel auch bei schmerzhaften Hustenanf\u00e4llen sowie n\u00e4chtlichen Hustenkr\u00e4mpfen. Sonnentau (Drosera) wirkt hustenstillend, schleim- und krampfl\u00f6send auf die Bronchien und wird daher bei krampfartigem Husten und Reizhusten eingesetzt.<\/p>\n","protected":false},"excerpt":{"rendered":"<p>Apozema Dreiklang Globuli Nr. 58 Drosera wird bei trockenem und qu\u00e4lendem Krampf- und Reizhusten sowie tiefem, bellendem Husten angewendet. Dar\u00fcber hinaus wirkt das Mittel auch bei schmerzhaften Hustenanf\u00e4llen sowie n\u00e4chtlichen Hustenkr\u00e4mpfen. Sonnentau (Drosera) wirkt hustenstillend, schleim- und krampfl\u00f6send auf die Bronchien und wird daher bei krampfartigem Husten und Reizhusten eingesetzt.<\/p>\n","protected":false},"featured_media":37874,"template":"","meta":{"_acf_changed":false},"product_brand":[935],"product_cat":[801],"product_tag":[],"class_list":{"0":"post-37872","1":"product","2":"type-product","3":"status-publish","4":"has-post-thumbnail","6":"product_brand-apozema","7":"product_cat-a","8":"pa_packungsgroesse-15g","10":"first","11":"instock","12":"shipping-taxable","13":"purchasable","14":"product-type-simple"},"acf":[],"_links":{"self":[{"href":"https:\/\/www.ernstbrunn-apotheke.at\/katalog\/wp-json\/wp\/v2\/product\/37872","targetHints":{"allow":["GET"]}}],"collection":[{"href":"https:\/\/www.ernstbrunn-apotheke.at\/katalog\/wp-json\/wp\/v2\/product"}],"about":[{"href":"https:\/\/www.ernstbrunn-apotheke.at\/katalog\/wp-json\/wp\/v2\/types\/product"}],"wp:featuredmedia":[{"embeddable":true,"href":"https:\/\/www.ernstbrunn-apotheke.at\/katalog\/wp-json\/wp\/v2\/media\/37874"}],"wp:attachment":[{"href":"https:\/\/www.ernstbrunn-apotheke.at\/katalog\/wp-json\/wp\/v2\/media?parent=37872"}],"wp:term":[{"taxonomy":"product_brand","embeddable":true,"href":"https:\/\/www.ernstbrunn-apotheke.at\/katalog\/wp-json\/wp\/v2\/product_brand?post=37872"},{"taxonomy":"product_cat","embeddable":true,"href":"https:\/\/www.ernstbrunn-apotheke.at\/katalog\/wp-json\/wp\/v2\/product_cat?post=37872"},{"taxonomy":"product_tag","embeddable":true,"href":"https:\/\/www.ernstbrunn-apotheke.at\/katalog\/wp-json\/wp\/v2\/product_tag?post=37872"}],"curies":[{"name":"wp","href":"https:\/\/api.w.org\/{rel}","templated":true}]}}