{"id":37571,"date":"2025-11-10T13:17:38","date_gmt":"2025-11-10T12:17:38","guid":{"rendered":"https:\/\/www.ernstbrunn-apotheke.at\/katalog\/produkt\/dreluso-sinuselect-tropfen-30-ml\/"},"modified":"2025-12-08T15:46:05","modified_gmt":"2025-12-08T14:46:05","slug":"dreluso-sinuselect-tropfen-30-ml","status":"publish","type":"product","link":"https:\/\/www.ernstbrunn-apotheke.at\/katalog\/produkt\/dreluso-sinuselect-tropfen-30-ml\/","title":{"rendered":"Dreluso Sinuselect Tropfen 30 ml"},"content":{"rendered":"<p>Dreluso Sinuselect Tropfen sind eine hom\u00f6opathische Hilfe bei Schnupfen, unterst\u00fctzt die Aktivierung der k\u00f6rpereigenen Abwehrkr\u00e4fte und hat ein breites Wirkungsspektrum auf den Hals-, Nasen- und Ohrenbereich. Dreluso Sinuselect hilft Schnupfen, verstopfte Nase und Entz\u00fcndungen der Nasennebenh\u00f6hlen auf schonende Weise in den Griff zu bekommen -.<\/p>\n","protected":false},"excerpt":{"rendered":"<p>Dreluso Sinuselect Tropfen sind eine hom\u00f6opathische Hilfe bei Schnupfen, unterst\u00fctzt die Aktivierung der k\u00f6rpereigenen Abwehrkr\u00e4fte und hat ein breites Wirkungsspektrum auf den Hals-, Nasen- und Ohrenbereich. Dreluso Sinuselect hilft Schnupfen, verstopfte Nase und Entz\u00fcndungen der Nasennebenh\u00f6hlen auf schonende Weise in den Griff zu bekommen -.<\/p>\n","protected":false},"featured_media":37573,"template":"","meta":{"_acf_changed":false},"product_brand":[],"product_cat":[792],"product_tag":[],"class_list":{"0":"post-37571","1":"product","2":"type-product","3":"status-publish","4":"has-post-thumbnail","6":"product_cat-d","7":"pa_packungsgroesse-30ml","9":"first","10":"instock","11":"shipping-taxable","12":"purchasable","13":"product-type-simple"},"acf":[],"_links":{"self":[{"href":"https:\/\/www.ernstbrunn-apotheke.at\/katalog\/wp-json\/wp\/v2\/product\/37571","targetHints":{"allow":["GET"]}}],"collection":[{"href":"https:\/\/www.ernstbrunn-apotheke.at\/katalog\/wp-json\/wp\/v2\/product"}],"about":[{"href":"https:\/\/www.ernstbrunn-apotheke.at\/katalog\/wp-json\/wp\/v2\/types\/product"}],"wp:featuredmedia":[{"embeddable":true,"href":"https:\/\/www.ernstbrunn-apotheke.at\/katalog\/wp-json\/wp\/v2\/media\/37573"}],"wp:attachment":[{"href":"https:\/\/www.ernstbrunn-apotheke.at\/katalog\/wp-json\/wp\/v2\/media?parent=37571"}],"wp:term":[{"taxonomy":"product_brand","embeddable":true,"href":"https:\/\/www.ernstbrunn-apotheke.at\/katalog\/wp-json\/wp\/v2\/product_brand?post=37571"},{"taxonomy":"product_cat","embeddable":true,"href":"https:\/\/www.ernstbrunn-apotheke.at\/katalog\/wp-json\/wp\/v2\/product_cat?post=37571"},{"taxonomy":"product_tag","embeddable":true,"href":"https:\/\/www.ernstbrunn-apotheke.at\/katalog\/wp-json\/wp\/v2\/product_tag?post=37571"}],"curies":[{"name":"wp","href":"https:\/\/api.w.org\/{rel}","templated":true}]}}