{"id":36936,"date":"2025-11-10T13:05:16","date_gmt":"2025-11-10T12:05:16","guid":{"rendered":"https:\/\/www.ernstbrunn-apotheke.at\/katalog\/produkt\/neurexan-tabletten-50-stk\/"},"modified":"2025-12-08T15:44:19","modified_gmt":"2025-12-08T14:44:19","slug":"neurexan-tabletten-50-stk","status":"publish","type":"product","link":"https:\/\/www.ernstbrunn-apotheke.at\/katalog\/produkt\/neurexan-tabletten-50-stk\/","title":{"rendered":"Neurexan Tabletten 50 Stk."},"content":{"rendered":"<p>Neurexan\u00ae ist ein nat\u00fcrliches Arzneimittel und bessert typische Stressbeschwerden wie Nervosit\u00e4t, innere Unruhe und Schlafst\u00f6rungen innerhalb kurzer Zeit. Sie f\u00fchlen sich am Tag ruhiger und ausgeglichener. So entspannt schlafen Sie nachts besser. Ausgeruht erlebt man den n\u00e4chsten Tag vitaler und mit mehr Gelassenheit..<\/p>\n","protected":false},"excerpt":{"rendered":"<p>Neurexan\u00ae ist ein nat\u00fcrliches Arzneimittel und bessert typische Stressbeschwerden wie Nervosit\u00e4t, innere Unruhe und Schlafst\u00f6rungen innerhalb kurzer Zeit. Sie f\u00fchlen sich am Tag ruhiger und ausgeglichener. So entspannt schlafen Sie nachts besser. Ausgeruht erlebt man den n\u00e4chsten Tag vitaler und mit mehr Gelassenheit..<\/p>\n","protected":false},"featured_media":36938,"template":"","meta":{"_acf_changed":false},"product_brand":[315],"product_cat":[797],"product_tag":[],"class_list":{"0":"post-36936","1":"product","2":"type-product","3":"status-publish","4":"has-post-thumbnail","6":"product_brand-heel","7":"product_cat-n","8":"pa_packungsgroesse-100-stueck","9":"pa_packungsgroesse-50-stueck","11":"first","12":"instock","13":"shipping-taxable","14":"purchasable","15":"product-type-simple"},"acf":[],"_links":{"self":[{"href":"https:\/\/www.ernstbrunn-apotheke.at\/katalog\/wp-json\/wp\/v2\/product\/36936","targetHints":{"allow":["GET"]}}],"collection":[{"href":"https:\/\/www.ernstbrunn-apotheke.at\/katalog\/wp-json\/wp\/v2\/product"}],"about":[{"href":"https:\/\/www.ernstbrunn-apotheke.at\/katalog\/wp-json\/wp\/v2\/types\/product"}],"wp:featuredmedia":[{"embeddable":true,"href":"https:\/\/www.ernstbrunn-apotheke.at\/katalog\/wp-json\/wp\/v2\/media\/36938"}],"wp:attachment":[{"href":"https:\/\/www.ernstbrunn-apotheke.at\/katalog\/wp-json\/wp\/v2\/media?parent=36936"}],"wp:term":[{"taxonomy":"product_brand","embeddable":true,"href":"https:\/\/www.ernstbrunn-apotheke.at\/katalog\/wp-json\/wp\/v2\/product_brand?post=36936"},{"taxonomy":"product_cat","embeddable":true,"href":"https:\/\/www.ernstbrunn-apotheke.at\/katalog\/wp-json\/wp\/v2\/product_cat?post=36936"},{"taxonomy":"product_tag","embeddable":true,"href":"https:\/\/www.ernstbrunn-apotheke.at\/katalog\/wp-json\/wp\/v2\/product_tag?post=36936"}],"curies":[{"name":"wp","href":"https:\/\/api.w.org\/{rel}","templated":true}]}}