{"id":36809,"date":"2025-11-10T13:03:13","date_gmt":"2025-11-10T12:03:13","guid":{"rendered":"https:\/\/www.ernstbrunn-apotheke.at\/katalog\/produkt\/healing-herbs-bachblueten-mustard-tropfen-10-ml\/"},"modified":"2025-12-08T15:43:36","modified_gmt":"2025-12-08T14:43:36","slug":"healing-herbs-bachblueten-mustard-tropfen-10-ml","status":"publish","type":"product","link":"https:\/\/www.ernstbrunn-apotheke.at\/katalog\/produkt\/healing-herbs-bachblueten-mustard-tropfen-10-ml\/","title":{"rendered":"Healing Herbs Bachbl\u00fcten Mustard Tropfen 10 ml"},"content":{"rendered":"<p>Healing Herbs Bachbl\u00fcten Mustard Tropfen eignen sich f\u00fcr jene, die bisweilen schwerm\u00fctig oder sogar verzweifelt sind, so als ob eine dunkle Wolke sie \u00fcberschatten und das Licht und die Freude ausl\u00f6schen k\u00f6nnten. Es scheint unm\u00f6glich zu sein, eine Erkl\u00e4rung oder einen Grund f\u00fcr solche Stimmungen zu finden. Unter diesen Umst\u00e4nden ist es fast unm\u00f6glich, gl\u00fccklich oder fr\u00f6hlich zu sein &#8211; online bestellen > durch GRATIS Lieferung* bares Geld sparen!<\/p>\n","protected":false},"excerpt":{"rendered":"<p>Healing Herbs Bachbl\u00fcten Mustard Tropfen eignen sich f\u00fcr jene, die bisweilen schwerm\u00fctig oder sogar verzweifelt sind, so als ob eine dunkle Wolke sie \u00fcberschatten und das Licht und die Freude ausl\u00f6schen k\u00f6nnten. Es scheint unm\u00f6glich zu sein, eine Erkl\u00e4rung oder einen Grund f\u00fcr solche Stimmungen zu finden. Unter diesen Umst\u00e4nden ist es fast unm\u00f6glich, gl\u00fccklich [&hellip;]<\/p>\n","protected":false},"featured_media":36811,"template":"","meta":{"_acf_changed":false},"product_brand":[927],"product_cat":[805],"product_tag":[],"class_list":{"0":"post-36809","1":"product","2":"type-product","3":"status-publish","4":"has-post-thumbnail","6":"product_brand-healing-herbs","7":"product_cat-h","8":"pa_packungsgroesse-10ml","10":"first","11":"instock","12":"shipping-taxable","13":"purchasable","14":"product-type-simple"},"acf":[],"_links":{"self":[{"href":"https:\/\/www.ernstbrunn-apotheke.at\/katalog\/wp-json\/wp\/v2\/product\/36809","targetHints":{"allow":["GET"]}}],"collection":[{"href":"https:\/\/www.ernstbrunn-apotheke.at\/katalog\/wp-json\/wp\/v2\/product"}],"about":[{"href":"https:\/\/www.ernstbrunn-apotheke.at\/katalog\/wp-json\/wp\/v2\/types\/product"}],"wp:featuredmedia":[{"embeddable":true,"href":"https:\/\/www.ernstbrunn-apotheke.at\/katalog\/wp-json\/wp\/v2\/media\/36811"}],"wp:attachment":[{"href":"https:\/\/www.ernstbrunn-apotheke.at\/katalog\/wp-json\/wp\/v2\/media?parent=36809"}],"wp:term":[{"taxonomy":"product_brand","embeddable":true,"href":"https:\/\/www.ernstbrunn-apotheke.at\/katalog\/wp-json\/wp\/v2\/product_brand?post=36809"},{"taxonomy":"product_cat","embeddable":true,"href":"https:\/\/www.ernstbrunn-apotheke.at\/katalog\/wp-json\/wp\/v2\/product_cat?post=36809"},{"taxonomy":"product_tag","embeddable":true,"href":"https:\/\/www.ernstbrunn-apotheke.at\/katalog\/wp-json\/wp\/v2\/product_tag?post=36809"}],"curies":[{"name":"wp","href":"https:\/\/api.w.org\/{rel}","templated":true}]}}