{"id":36787,"date":"2025-11-10T13:02:54","date_gmt":"2025-11-10T12:02:54","guid":{"rendered":"https:\/\/www.ernstbrunn-apotheke.at\/katalog\/produkt\/bachbluete-apopharm-09-clematis-waldreben-20-ml\/"},"modified":"2025-12-08T15:43:22","modified_gmt":"2025-12-08T14:43:22","slug":"bachbluete-apopharm-09-clematis-waldreben-20-ml","status":"publish","type":"product","link":"https:\/\/www.ernstbrunn-apotheke.at\/katalog\/produkt\/bachbluete-apopharm-09-clematis-waldreben-20-ml\/","title":{"rendered":"Bachbl\u00fcte Apopharm 09 Clematis\/Waldreben 20 ml"},"content":{"rendered":"<p>Bachbl\u00fcte Apopharm 09 Clematis eignet sich zur Anwendung bei allen krankhaften St\u00f6rungen, die mit geistiger Abwesenheit oder Ohnmacht einhergehen oder davon ausgel\u00f6st wurden. So wird es im t\u00e4glichen Leben bei Unaufmerksamkeit und Schl\u00e4frigkeit, aber auch bei Tendenz zu Ohnmacht eingesetzt.<\/p>\n","protected":false},"excerpt":{"rendered":"<p>Bachbl\u00fcte Apopharm 09 Clematis eignet sich zur Anwendung bei allen krankhaften St\u00f6rungen, die mit geistiger Abwesenheit oder Ohnmacht einhergehen oder davon ausgel\u00f6st wurden. So wird es im t\u00e4glichen Leben bei Unaufmerksamkeit und Schl\u00e4frigkeit, aber auch bei Tendenz zu Ohnmacht eingesetzt.<\/p>\n","protected":false},"featured_media":0,"template":"","meta":{"_acf_changed":false},"product_brand":[],"product_cat":[802],"product_tag":[],"class_list":{"0":"post-36787","1":"product","2":"type-product","3":"status-publish","5":"product_cat-b","6":"pa_packungsgroesse-20ml","8":"first","9":"instock","10":"shipping-taxable","11":"purchasable","12":"product-type-simple"},"acf":[],"_links":{"self":[{"href":"https:\/\/www.ernstbrunn-apotheke.at\/katalog\/wp-json\/wp\/v2\/product\/36787","targetHints":{"allow":["GET"]}}],"collection":[{"href":"https:\/\/www.ernstbrunn-apotheke.at\/katalog\/wp-json\/wp\/v2\/product"}],"about":[{"href":"https:\/\/www.ernstbrunn-apotheke.at\/katalog\/wp-json\/wp\/v2\/types\/product"}],"wp:attachment":[{"href":"https:\/\/www.ernstbrunn-apotheke.at\/katalog\/wp-json\/wp\/v2\/media?parent=36787"}],"wp:term":[{"taxonomy":"product_brand","embeddable":true,"href":"https:\/\/www.ernstbrunn-apotheke.at\/katalog\/wp-json\/wp\/v2\/product_brand?post=36787"},{"taxonomy":"product_cat","embeddable":true,"href":"https:\/\/www.ernstbrunn-apotheke.at\/katalog\/wp-json\/wp\/v2\/product_cat?post=36787"},{"taxonomy":"product_tag","embeddable":true,"href":"https:\/\/www.ernstbrunn-apotheke.at\/katalog\/wp-json\/wp\/v2\/product_tag?post=36787"}],"curies":[{"name":"wp","href":"https:\/\/api.w.org\/{rel}","templated":true}]}}