{"id":36691,"date":"2025-11-10T12:58:55","date_gmt":"2025-11-10T11:58:55","guid":{"rendered":"https:\/\/www.ernstbrunn-apotheke.at\/katalog\/produkt\/apopharm-bachblueten-23-olive-20-ml\/"},"modified":"2025-12-08T15:42:34","modified_gmt":"2025-12-08T14:42:34","slug":"apopharm-bachblueten-23-olive-20-ml","status":"publish","type":"product","link":"https:\/\/www.ernstbrunn-apotheke.at\/katalog\/produkt\/apopharm-bachblueten-23-olive-20-ml\/","title":{"rendered":"Apopharm Bachbl\u00fcten 23 Olive 20 ml"},"content":{"rendered":"<p>Apopharm Bachbl\u00fcten 23 Olive eignet sich zur Anwendung bei allen krankhaften St\u00f6rungen, die mit Ersch\u00f6pfung einhergehen oder davon ausgel\u00f6st wurden. So dient das Produkt zur Basisbehandlung bei allgemeiner Schw\u00e4che und verringerter Leistungsf\u00e4higkeit, An\u00e4mie sowie Herzinsuffizienz.<\/p>\n","protected":false},"excerpt":{"rendered":"<p>Apopharm Bachbl\u00fcten 23 Olive eignet sich zur Anwendung bei allen krankhaften St\u00f6rungen, die mit Ersch\u00f6pfung einhergehen oder davon ausgel\u00f6st wurden. So dient das Produkt zur Basisbehandlung bei allgemeiner Schw\u00e4che und verringerter Leistungsf\u00e4higkeit, An\u00e4mie sowie Herzinsuffizienz.<\/p>\n","protected":false},"featured_media":0,"template":"","meta":{"_acf_changed":false},"product_brand":[],"product_cat":[801],"product_tag":[],"class_list":{"0":"post-36691","1":"product","2":"type-product","3":"status-publish","5":"product_cat-a","6":"pa_packungsgroesse-20ml","8":"first","9":"instock","10":"shipping-taxable","11":"purchasable","12":"product-type-simple"},"acf":[],"_links":{"self":[{"href":"https:\/\/www.ernstbrunn-apotheke.at\/katalog\/wp-json\/wp\/v2\/product\/36691","targetHints":{"allow":["GET"]}}],"collection":[{"href":"https:\/\/www.ernstbrunn-apotheke.at\/katalog\/wp-json\/wp\/v2\/product"}],"about":[{"href":"https:\/\/www.ernstbrunn-apotheke.at\/katalog\/wp-json\/wp\/v2\/types\/product"}],"wp:attachment":[{"href":"https:\/\/www.ernstbrunn-apotheke.at\/katalog\/wp-json\/wp\/v2\/media?parent=36691"}],"wp:term":[{"taxonomy":"product_brand","embeddable":true,"href":"https:\/\/www.ernstbrunn-apotheke.at\/katalog\/wp-json\/wp\/v2\/product_brand?post=36691"},{"taxonomy":"product_cat","embeddable":true,"href":"https:\/\/www.ernstbrunn-apotheke.at\/katalog\/wp-json\/wp\/v2\/product_cat?post=36691"},{"taxonomy":"product_tag","embeddable":true,"href":"https:\/\/www.ernstbrunn-apotheke.at\/katalog\/wp-json\/wp\/v2\/product_tag?post=36691"}],"curies":[{"name":"wp","href":"https:\/\/api.w.org\/{rel}","templated":true}]}}