{"id":36377,"date":"2025-11-10T12:54:00","date_gmt":"2025-11-10T11:54:00","guid":{"rendered":"https:\/\/www.ernstbrunn-apotheke.at\/katalog\/produkt\/apopharm-bachblueten-rescue-creme-30-g\/"},"modified":"2025-12-08T15:41:34","modified_gmt":"2025-12-08T14:41:34","slug":"apopharm-bachblueten-rescue-creme-30-g","status":"publish","type":"product","link":"https:\/\/www.ernstbrunn-apotheke.at\/katalog\/produkt\/apopharm-bachblueten-rescue-creme-30-g\/","title":{"rendered":"Apopharm Bachbl\u00fcten Rescue Creme 30 g"},"content":{"rendered":"<p>Apopharm Bachbl\u00fcten Rescue Creme ist eine Mischung aus der Original Bach-Bl\u00fctenmischung Rescue und der Original Bach-Bl\u00fctenessenz Crab Apple. Sie bietet Erste Hilfe bei kleinen k\u00f6rperlichen Verletzungen, wie etwa Bienenstichen, Verstauchungen, kleine Schnittwunden oder Verbrennungen.<\/p>\n","protected":false},"excerpt":{"rendered":"<p>Apopharm Bachbl\u00fcten Rescue Creme ist eine Mischung aus der Original Bach-Bl\u00fctenmischung Rescue und der Original Bach-Bl\u00fctenessenz Crab Apple. Sie bietet Erste Hilfe bei kleinen k\u00f6rperlichen Verletzungen, wie etwa Bienenstichen, Verstauchungen, kleine Schnittwunden oder Verbrennungen.<\/p>\n","protected":false},"featured_media":36379,"template":"","meta":{"_acf_changed":false},"product_brand":[],"product_cat":[801],"product_tag":[],"class_list":{"0":"post-36377","1":"product","2":"type-product","3":"status-publish","4":"has-post-thumbnail","6":"product_cat-a","7":"pa_packungsgroesse-30g","9":"first","10":"instock","11":"shipping-taxable","12":"purchasable","13":"product-type-simple"},"acf":[],"_links":{"self":[{"href":"https:\/\/www.ernstbrunn-apotheke.at\/katalog\/wp-json\/wp\/v2\/product\/36377","targetHints":{"allow":["GET"]}}],"collection":[{"href":"https:\/\/www.ernstbrunn-apotheke.at\/katalog\/wp-json\/wp\/v2\/product"}],"about":[{"href":"https:\/\/www.ernstbrunn-apotheke.at\/katalog\/wp-json\/wp\/v2\/types\/product"}],"wp:featuredmedia":[{"embeddable":true,"href":"https:\/\/www.ernstbrunn-apotheke.at\/katalog\/wp-json\/wp\/v2\/media\/36379"}],"wp:attachment":[{"href":"https:\/\/www.ernstbrunn-apotheke.at\/katalog\/wp-json\/wp\/v2\/media?parent=36377"}],"wp:term":[{"taxonomy":"product_brand","embeddable":true,"href":"https:\/\/www.ernstbrunn-apotheke.at\/katalog\/wp-json\/wp\/v2\/product_brand?post=36377"},{"taxonomy":"product_cat","embeddable":true,"href":"https:\/\/www.ernstbrunn-apotheke.at\/katalog\/wp-json\/wp\/v2\/product_cat?post=36377"},{"taxonomy":"product_tag","embeddable":true,"href":"https:\/\/www.ernstbrunn-apotheke.at\/katalog\/wp-json\/wp\/v2\/product_tag?post=36377"}],"curies":[{"name":"wp","href":"https:\/\/api.w.org\/{rel}","templated":true}]}}