{"id":36222,"date":"2025-11-10T12:51:03","date_gmt":"2025-11-10T11:51:03","guid":{"rendered":"https:\/\/www.ernstbrunn-apotheke.at\/katalog\/produkt\/healing-herbs-5-flower-remedy-30-ml\/"},"modified":"2025-12-08T15:40:56","modified_gmt":"2025-12-08T14:40:56","slug":"healing-herbs-5-flower-remedy-30-ml","status":"publish","type":"product","link":"https:\/\/www.ernstbrunn-apotheke.at\/katalog\/produkt\/healing-herbs-5-flower-remedy-30-ml\/","title":{"rendered":"Healing Herbs 5-Flower Remedy 30 ml"},"content":{"rendered":"<p>Healing Herbs 5-Flower Remedy enthalten eine Bl\u00fctenmischung aus Star of Bethlehem, Rock Rose, Impatiens, Cherry Plum und Clematis. Diese Mischung ist n\u00fctzlich, wenn man sofortige Hilfe braucht, in schwierigen Momenten und bei Aufregung. Five Flower Remedy ist f\u00fcr Notfallsituationen, bevorstehenden Terminen wie Pr\u00fcfungen, Operationen, Bewerbungsgespr\u00e4chen.<\/p>\n","protected":false},"excerpt":{"rendered":"<p>Healing Herbs 5-Flower Remedy enthalten eine Bl\u00fctenmischung aus Star of Bethlehem, Rock Rose, Impatiens, Cherry Plum und Clematis. Diese Mischung ist n\u00fctzlich, wenn man sofortige Hilfe braucht, in schwierigen Momenten und bei Aufregung. Five Flower Remedy ist f\u00fcr Notfallsituationen, bevorstehenden Terminen wie Pr\u00fcfungen, Operationen, Bewerbungsgespr\u00e4chen.<\/p>\n","protected":false},"featured_media":0,"template":"","meta":{"_acf_changed":false},"product_brand":[927],"product_cat":[805],"product_tag":[],"class_list":{"0":"post-36222","1":"product","2":"type-product","3":"status-publish","5":"product_brand-healing-herbs","6":"product_cat-h","7":"pa_packungsgroesse-30ml","9":"first","10":"instock","11":"shipping-taxable","12":"purchasable","13":"product-type-simple"},"acf":[],"_links":{"self":[{"href":"https:\/\/www.ernstbrunn-apotheke.at\/katalog\/wp-json\/wp\/v2\/product\/36222","targetHints":{"allow":["GET"]}}],"collection":[{"href":"https:\/\/www.ernstbrunn-apotheke.at\/katalog\/wp-json\/wp\/v2\/product"}],"about":[{"href":"https:\/\/www.ernstbrunn-apotheke.at\/katalog\/wp-json\/wp\/v2\/types\/product"}],"wp:attachment":[{"href":"https:\/\/www.ernstbrunn-apotheke.at\/katalog\/wp-json\/wp\/v2\/media?parent=36222"}],"wp:term":[{"taxonomy":"product_brand","embeddable":true,"href":"https:\/\/www.ernstbrunn-apotheke.at\/katalog\/wp-json\/wp\/v2\/product_brand?post=36222"},{"taxonomy":"product_cat","embeddable":true,"href":"https:\/\/www.ernstbrunn-apotheke.at\/katalog\/wp-json\/wp\/v2\/product_cat?post=36222"},{"taxonomy":"product_tag","embeddable":true,"href":"https:\/\/www.ernstbrunn-apotheke.at\/katalog\/wp-json\/wp\/v2\/product_tag?post=36222"}],"curies":[{"name":"wp","href":"https:\/\/api.w.org\/{rel}","templated":true}]}}