{"id":36097,"date":"2025-11-10T12:49:42","date_gmt":"2025-11-10T11:49:42","guid":{"rendered":"https:\/\/www.ernstbrunn-apotheke.at\/katalog\/produkt\/apofit-aetherisches-oel-strohblume-1-ml\/"},"modified":"2025-12-08T15:40:19","modified_gmt":"2025-12-08T14:40:19","slug":"apofit-aetherisches-oel-strohblume-1-ml","status":"publish","type":"product","link":"https:\/\/www.ernstbrunn-apotheke.at\/katalog\/produkt\/apofit-aetherisches-oel-strohblume-1-ml\/","title":{"rendered":"Apofit \u00c4therisches \u00d6l Strohblume 1 ml"},"content":{"rendered":"<p>Apofit \u00c4therisches \u00d6l Strohblume verf\u00fcgt \u00fcber ein Duftprofil, welches als krautig, s\u00fc\u00df-herb und warm beschrieben wird. Das anregend und erdend wirkende \u00d6l wird eingesetzt bei Hautproblemen sowie Muskel- und Erk\u00e4ltungsbeschwerden. In der Parfumerie dient es zudem als Fixativ. Nicht zur Einnahme bestimmt!.<\/p>\n","protected":false},"excerpt":{"rendered":"<p>Apofit \u00c4therisches \u00d6l Strohblume verf\u00fcgt \u00fcber ein Duftprofil, welches als krautig, s\u00fc\u00df-herb und warm beschrieben wird. Das anregend und erdend wirkende \u00d6l wird eingesetzt bei Hautproblemen sowie Muskel- und Erk\u00e4ltungsbeschwerden. In der Parfumerie dient es zudem als Fixativ. Nicht zur Einnahme bestimmt!.<\/p>\n","protected":false},"featured_media":36099,"template":"","meta":{"_acf_changed":false},"product_brand":[584],"product_cat":[801],"product_tag":[],"class_list":{"0":"post-36097","1":"product","2":"type-product","3":"status-publish","4":"has-post-thumbnail","6":"product_brand-apofit","7":"product_cat-a","8":"pa_packungsgroesse-1ml","10":"first","11":"instock","12":"shipping-taxable","13":"purchasable","14":"product-type-simple"},"acf":[],"_links":{"self":[{"href":"https:\/\/www.ernstbrunn-apotheke.at\/katalog\/wp-json\/wp\/v2\/product\/36097","targetHints":{"allow":["GET"]}}],"collection":[{"href":"https:\/\/www.ernstbrunn-apotheke.at\/katalog\/wp-json\/wp\/v2\/product"}],"about":[{"href":"https:\/\/www.ernstbrunn-apotheke.at\/katalog\/wp-json\/wp\/v2\/types\/product"}],"wp:featuredmedia":[{"embeddable":true,"href":"https:\/\/www.ernstbrunn-apotheke.at\/katalog\/wp-json\/wp\/v2\/media\/36099"}],"wp:attachment":[{"href":"https:\/\/www.ernstbrunn-apotheke.at\/katalog\/wp-json\/wp\/v2\/media?parent=36097"}],"wp:term":[{"taxonomy":"product_brand","embeddable":true,"href":"https:\/\/www.ernstbrunn-apotheke.at\/katalog\/wp-json\/wp\/v2\/product_brand?post=36097"},{"taxonomy":"product_cat","embeddable":true,"href":"https:\/\/www.ernstbrunn-apotheke.at\/katalog\/wp-json\/wp\/v2\/product_cat?post=36097"},{"taxonomy":"product_tag","embeddable":true,"href":"https:\/\/www.ernstbrunn-apotheke.at\/katalog\/wp-json\/wp\/v2\/product_tag?post=36097"}],"curies":[{"name":"wp","href":"https:\/\/api.w.org\/{rel}","templated":true}]}}