{"id":35865,"date":"2025-11-10T12:45:46","date_gmt":"2025-11-10T11:45:46","guid":{"rendered":"https:\/\/www.ernstbrunn-apotheke.at\/katalog\/produkt\/apofit-aetherisches-oel-eisenkraut-10-ml\/"},"modified":"2025-12-08T15:39:18","modified_gmt":"2025-12-08T14:39:18","slug":"apofit-aetherisches-oel-eisenkraut-10-ml","status":"publish","type":"product","link":"https:\/\/www.ernstbrunn-apotheke.at\/katalog\/produkt\/apofit-aetherisches-oel-eisenkraut-10-ml\/","title":{"rendered":"Apofit \u00c4therisches \u00d6l Eisenkraut 10 ml"},"content":{"rendered":"<p>Apofit \u00c4therisches \u00d6l Eisenkraut erfrischt uns und regt uns an, besonders die Hirnfunktionen und die Konzentration werden gest\u00e4rkt. Das k\u00f6nnen sich zum Beispiel Studenten zunutze machen, die in ihren langen Lesungen die volle Konzentration brauchen. Man kann sich dieses Duft\u00f6l auch zunutze machen, wenn es im Sommer mal wieder schw\u00fcl und hei\u00df ist, denn das \u00e4therische \u00d6l des Eisenkrauts hat eine k\u00fchlende Wirkung. Nicht zur Einnahme bestimmt!.<\/p>\n","protected":false},"excerpt":{"rendered":"<p>Apofit \u00c4therisches \u00d6l Eisenkraut erfrischt uns und regt uns an, besonders die Hirnfunktionen und die Konzentration werden gest\u00e4rkt. Das k\u00f6nnen sich zum Beispiel Studenten zunutze machen, die in ihren langen Lesungen die volle Konzentration brauchen. Man kann sich dieses Duft\u00f6l auch zunutze machen, wenn es im Sommer mal wieder schw\u00fcl und hei\u00df ist, denn das [&hellip;]<\/p>\n","protected":false},"featured_media":35867,"template":"","meta":{"_acf_changed":false},"product_brand":[584],"product_cat":[801],"product_tag":[],"class_list":{"0":"post-35865","1":"product","2":"type-product","3":"status-publish","4":"has-post-thumbnail","6":"product_brand-apofit","7":"product_cat-a","8":"pa_packungsgroesse-1ml","10":"first","11":"instock","12":"shipping-taxable","13":"purchasable","14":"product-type-simple"},"acf":[],"_links":{"self":[{"href":"https:\/\/www.ernstbrunn-apotheke.at\/katalog\/wp-json\/wp\/v2\/product\/35865","targetHints":{"allow":["GET"]}}],"collection":[{"href":"https:\/\/www.ernstbrunn-apotheke.at\/katalog\/wp-json\/wp\/v2\/product"}],"about":[{"href":"https:\/\/www.ernstbrunn-apotheke.at\/katalog\/wp-json\/wp\/v2\/types\/product"}],"wp:featuredmedia":[{"embeddable":true,"href":"https:\/\/www.ernstbrunn-apotheke.at\/katalog\/wp-json\/wp\/v2\/media\/35867"}],"wp:attachment":[{"href":"https:\/\/www.ernstbrunn-apotheke.at\/katalog\/wp-json\/wp\/v2\/media?parent=35865"}],"wp:term":[{"taxonomy":"product_brand","embeddable":true,"href":"https:\/\/www.ernstbrunn-apotheke.at\/katalog\/wp-json\/wp\/v2\/product_brand?post=35865"},{"taxonomy":"product_cat","embeddable":true,"href":"https:\/\/www.ernstbrunn-apotheke.at\/katalog\/wp-json\/wp\/v2\/product_cat?post=35865"},{"taxonomy":"product_tag","embeddable":true,"href":"https:\/\/www.ernstbrunn-apotheke.at\/katalog\/wp-json\/wp\/v2\/product_tag?post=35865"}],"curies":[{"name":"wp","href":"https:\/\/api.w.org\/{rel}","templated":true}]}}