{"id":35833,"date":"2025-11-10T12:45:02","date_gmt":"2025-11-10T11:45:02","guid":{"rendered":"https:\/\/www.ernstbrunn-apotheke.at\/katalog\/produkt\/apofit-aetherisches-oel-cedernholz-10-ml\/"},"modified":"2025-12-08T15:39:11","modified_gmt":"2025-12-08T14:39:11","slug":"apofit-aetherisches-oel-cedernholz-10-ml","status":"publish","type":"product","link":"https:\/\/www.ernstbrunn-apotheke.at\/katalog\/produkt\/apofit-aetherisches-oel-cedernholz-10-ml\/","title":{"rendered":"Apofit \u00c4therisches \u00d6l Cedernholz 10 ml"},"content":{"rendered":"<p>Apofit \u00c4therisches \u00d6l Cedernholz wirkt wie alle Nadelbaum\u00f6le entkrampfend und schleiml\u00f6send auf die Atemwege und Bronchien. Der Geruch ist holzig und warm und unterst\u00fctzt das Selbstvertrauen. In der Duftlampe ist Zeder stark insektenabweisend. Einem Shampoo beigegeben hat sich Zedernholz als haarst\u00e4rkend bew\u00e4hrt und hilft bei Haarausfall und fettem Haar. Nicht zur Einnahme bestimmt!.<\/p>\n","protected":false},"excerpt":{"rendered":"<p>Apofit \u00c4therisches \u00d6l Cedernholz wirkt wie alle Nadelbaum\u00f6le entkrampfend und schleiml\u00f6send auf die Atemwege und Bronchien. Der Geruch ist holzig und warm und unterst\u00fctzt das Selbstvertrauen. In der Duftlampe ist Zeder stark insektenabweisend. Einem Shampoo beigegeben hat sich Zedernholz als haarst\u00e4rkend bew\u00e4hrt und hilft bei Haarausfall und fettem Haar. Nicht zur Einnahme bestimmt!.<\/p>\n","protected":false},"featured_media":35835,"template":"","meta":{"_acf_changed":false},"product_brand":[584],"product_cat":[801],"product_tag":[],"class_list":{"0":"post-35833","1":"product","2":"type-product","3":"status-publish","4":"has-post-thumbnail","6":"product_brand-apofit","7":"product_cat-a","8":"pa_packungsgroesse-10ml","10":"first","11":"instock","12":"shipping-taxable","13":"purchasable","14":"product-type-simple"},"acf":[],"_links":{"self":[{"href":"https:\/\/www.ernstbrunn-apotheke.at\/katalog\/wp-json\/wp\/v2\/product\/35833","targetHints":{"allow":["GET"]}}],"collection":[{"href":"https:\/\/www.ernstbrunn-apotheke.at\/katalog\/wp-json\/wp\/v2\/product"}],"about":[{"href":"https:\/\/www.ernstbrunn-apotheke.at\/katalog\/wp-json\/wp\/v2\/types\/product"}],"wp:featuredmedia":[{"embeddable":true,"href":"https:\/\/www.ernstbrunn-apotheke.at\/katalog\/wp-json\/wp\/v2\/media\/35835"}],"wp:attachment":[{"href":"https:\/\/www.ernstbrunn-apotheke.at\/katalog\/wp-json\/wp\/v2\/media?parent=35833"}],"wp:term":[{"taxonomy":"product_brand","embeddable":true,"href":"https:\/\/www.ernstbrunn-apotheke.at\/katalog\/wp-json\/wp\/v2\/product_brand?post=35833"},{"taxonomy":"product_cat","embeddable":true,"href":"https:\/\/www.ernstbrunn-apotheke.at\/katalog\/wp-json\/wp\/v2\/product_cat?post=35833"},{"taxonomy":"product_tag","embeddable":true,"href":"https:\/\/www.ernstbrunn-apotheke.at\/katalog\/wp-json\/wp\/v2\/product_tag?post=35833"}],"curies":[{"name":"wp","href":"https:\/\/api.w.org\/{rel}","templated":true}]}}