{"id":35732,"date":"2025-11-10T12:42:50","date_gmt":"2025-11-10T11:42:50","guid":{"rendered":"https:\/\/www.ernstbrunn-apotheke.at\/katalog\/produkt\/puressentiel-muskel-und-gelenk-roll-on-75-ml\/"},"modified":"2025-12-08T15:38:43","modified_gmt":"2025-12-08T14:38:43","slug":"puressentiel-muskel-und-gelenk-roll-on-75-ml","status":"publish","type":"product","link":"https:\/\/www.ernstbrunn-apotheke.at\/katalog\/produkt\/puressentiel-muskel-und-gelenk-roll-on-75-ml\/","title":{"rendered":"Puressentiel Muskel und Gelenk Roll On 75 ml"},"content":{"rendered":"<p>Der Puressentiel Muskel und Gelenk Roll On 75 ml mit 14 \u00e4therischen \u00d6len in wohltuender Pflegeemulsion wirkt bei Muskelverspannungen, auch im Bereich der Gelenke. Die Kombination der 14 verschiedenen \u00e4therischen \u00d6le wirkt beruhigend, entkrampfend und mobilisierend. Unterst\u00fctzt durch die Massage-Applikation, f\u00fchrt der Gelenke Roll-On auf nat\u00fcrliche Weise zu wohltuender Pflege im Bereich der Muskeln und Gelenke &#8211; wir f\u00fchren alle Produkte von Puressentiel zu Sonderpreisen!<\/p>\n","protected":false},"excerpt":{"rendered":"<p>Der Puressentiel Muskel und Gelenk Roll On 75 ml mit 14 \u00e4therischen \u00d6len in wohltuender Pflegeemulsion wirkt bei Muskelverspannungen, auch im Bereich der Gelenke. Die Kombination der 14 verschiedenen \u00e4therischen \u00d6le wirkt beruhigend, entkrampfend und mobilisierend. Unterst\u00fctzt durch die Massage-Applikation, f\u00fchrt der Gelenke Roll-On auf nat\u00fcrliche Weise zu wohltuender Pflege im Bereich der Muskeln und [&hellip;]<\/p>\n","protected":false},"featured_media":35734,"template":"","meta":{"_acf_changed":false},"product_brand":[],"product_cat":[793],"product_tag":[],"class_list":{"0":"post-35732","1":"product","2":"type-product","3":"status-publish","4":"has-post-thumbnail","6":"product_cat-p","7":"pa_packungsgroesse-75ml","9":"first","10":"instock","11":"shipping-taxable","12":"purchasable","13":"product-type-simple"},"acf":[],"_links":{"self":[{"href":"https:\/\/www.ernstbrunn-apotheke.at\/katalog\/wp-json\/wp\/v2\/product\/35732","targetHints":{"allow":["GET"]}}],"collection":[{"href":"https:\/\/www.ernstbrunn-apotheke.at\/katalog\/wp-json\/wp\/v2\/product"}],"about":[{"href":"https:\/\/www.ernstbrunn-apotheke.at\/katalog\/wp-json\/wp\/v2\/types\/product"}],"wp:featuredmedia":[{"embeddable":true,"href":"https:\/\/www.ernstbrunn-apotheke.at\/katalog\/wp-json\/wp\/v2\/media\/35734"}],"wp:attachment":[{"href":"https:\/\/www.ernstbrunn-apotheke.at\/katalog\/wp-json\/wp\/v2\/media?parent=35732"}],"wp:term":[{"taxonomy":"product_brand","embeddable":true,"href":"https:\/\/www.ernstbrunn-apotheke.at\/katalog\/wp-json\/wp\/v2\/product_brand?post=35732"},{"taxonomy":"product_cat","embeddable":true,"href":"https:\/\/www.ernstbrunn-apotheke.at\/katalog\/wp-json\/wp\/v2\/product_cat?post=35732"},{"taxonomy":"product_tag","embeddable":true,"href":"https:\/\/www.ernstbrunn-apotheke.at\/katalog\/wp-json\/wp\/v2\/product_tag?post=35732"}],"curies":[{"name":"wp","href":"https:\/\/api.w.org\/{rel}","templated":true}]}}