{"id":35602,"date":"2025-11-10T12:41:21","date_gmt":"2025-11-10T11:41:21","guid":{"rendered":"https:\/\/www.ernstbrunn-apotheke.at\/katalog\/produkt\/apofit-aetherisches-oel-grapefruit-10-ml\/"},"modified":"2025-12-08T15:38:08","modified_gmt":"2025-12-08T14:38:08","slug":"apofit-aetherisches-oel-grapefruit-10-ml","status":"publish","type":"product","link":"https:\/\/www.ernstbrunn-apotheke.at\/katalog\/produkt\/apofit-aetherisches-oel-grapefruit-10-ml\/","title":{"rendered":"Apofit \u00c4therisches \u00d6l Grapefruit 10 ml"},"content":{"rendered":"<p>Apofit \u00c4therisches \u00d6l Grapefruit besitzt zusammenziehende und  fiebersenkende Eigenschaften. Die Anwendungsgebiete reichen von Cellulite, Krampfadern \u00fcber fettige und gestaute Haut bis hin zu Akne und Hautunreinheiten. Der Duft der Grapefruit f\u00f6rdert nachgewiesenerma\u00dfen die Aussch\u00fcttung von Endorphinen. Nicht zur Einnahme bestimmt!.<\/p>\n","protected":false},"excerpt":{"rendered":"<p>Apofit \u00c4therisches \u00d6l Grapefruit besitzt zusammenziehende und fiebersenkende Eigenschaften. Die Anwendungsgebiete reichen von Cellulite, Krampfadern \u00fcber fettige und gestaute Haut bis hin zu Akne und Hautunreinheiten. Der Duft der Grapefruit f\u00f6rdert nachgewiesenerma\u00dfen die Aussch\u00fcttung von Endorphinen. Nicht zur Einnahme bestimmt!.<\/p>\n","protected":false},"featured_media":35604,"template":"","meta":{"_acf_changed":false},"product_brand":[584],"product_cat":[801],"product_tag":[],"class_list":{"0":"post-35602","1":"product","2":"type-product","3":"status-publish","4":"has-post-thumbnail","6":"product_brand-apofit","7":"product_cat-a","8":"pa_packungsgroesse-10ml","10":"first","11":"instock","12":"shipping-taxable","13":"purchasable","14":"product-type-simple"},"acf":[],"_links":{"self":[{"href":"https:\/\/www.ernstbrunn-apotheke.at\/katalog\/wp-json\/wp\/v2\/product\/35602","targetHints":{"allow":["GET"]}}],"collection":[{"href":"https:\/\/www.ernstbrunn-apotheke.at\/katalog\/wp-json\/wp\/v2\/product"}],"about":[{"href":"https:\/\/www.ernstbrunn-apotheke.at\/katalog\/wp-json\/wp\/v2\/types\/product"}],"wp:featuredmedia":[{"embeddable":true,"href":"https:\/\/www.ernstbrunn-apotheke.at\/katalog\/wp-json\/wp\/v2\/media\/35604"}],"wp:attachment":[{"href":"https:\/\/www.ernstbrunn-apotheke.at\/katalog\/wp-json\/wp\/v2\/media?parent=35602"}],"wp:term":[{"taxonomy":"product_brand","embeddable":true,"href":"https:\/\/www.ernstbrunn-apotheke.at\/katalog\/wp-json\/wp\/v2\/product_brand?post=35602"},{"taxonomy":"product_cat","embeddable":true,"href":"https:\/\/www.ernstbrunn-apotheke.at\/katalog\/wp-json\/wp\/v2\/product_cat?post=35602"},{"taxonomy":"product_tag","embeddable":true,"href":"https:\/\/www.ernstbrunn-apotheke.at\/katalog\/wp-json\/wp\/v2\/product_tag?post=35602"}],"curies":[{"name":"wp","href":"https:\/\/api.w.org\/{rel}","templated":true}]}}