{"id":35482,"date":"2025-11-10T12:39:13","date_gmt":"2025-11-10T11:39:13","guid":{"rendered":"https:\/\/www.ernstbrunn-apotheke.at\/katalog\/produkt\/apofit-aetherisches-oel-litsea-cubeba-10-ml\/"},"modified":"2025-12-08T15:37:31","modified_gmt":"2025-12-08T14:37:31","slug":"apofit-aetherisches-oel-litsea-cubeba-10-ml","status":"publish","type":"product","link":"https:\/\/www.ernstbrunn-apotheke.at\/katalog\/produkt\/apofit-aetherisches-oel-litsea-cubeba-10-ml\/","title":{"rendered":"Apofit \u00c4therisches \u00d6l Litsea Cubeba 10 ml"},"content":{"rendered":"<p>Apofit \u00c4therisches \u00d6l Litsea Cubeba \u00fcberzeugt durch den sehr frischen, feinen Duft mit anregend, belebender Eigenschaft. Das \u00d6l ist tonisierend, antiseptisch, pilzt\u00f6tend und luftreinigend. Es eignet sich besonders zur Erfrischung der Raumluft in B\u00fcros, Hotelzimmern, Schulr\u00e4umen und als Aufgu\u00df in der Sauna. Im seelisch- geistigen Bereich wirkt dieses \u00d6l erfrischend und anregend. Nicht zur Einnahme bestimmt!.<\/p>\n","protected":false},"excerpt":{"rendered":"<p>Apofit \u00c4therisches \u00d6l Litsea Cubeba \u00fcberzeugt durch den sehr frischen, feinen Duft mit anregend, belebender Eigenschaft. Das \u00d6l ist tonisierend, antiseptisch, pilzt\u00f6tend und luftreinigend. Es eignet sich besonders zur Erfrischung der Raumluft in B\u00fcros, Hotelzimmern, Schulr\u00e4umen und als Aufgu\u00df in der Sauna. Im seelisch- geistigen Bereich wirkt dieses \u00d6l erfrischend und anregend. Nicht zur Einnahme [&hellip;]<\/p>\n","protected":false},"featured_media":35484,"template":"","meta":{"_acf_changed":false},"product_brand":[584],"product_cat":[801],"product_tag":[],"class_list":{"0":"post-35482","1":"product","2":"type-product","3":"status-publish","4":"has-post-thumbnail","6":"product_brand-apofit","7":"product_cat-a","8":"pa_packungsgroesse-10ml","10":"first","11":"instock","12":"shipping-taxable","13":"purchasable","14":"product-type-simple"},"acf":[],"_links":{"self":[{"href":"https:\/\/www.ernstbrunn-apotheke.at\/katalog\/wp-json\/wp\/v2\/product\/35482","targetHints":{"allow":["GET"]}}],"collection":[{"href":"https:\/\/www.ernstbrunn-apotheke.at\/katalog\/wp-json\/wp\/v2\/product"}],"about":[{"href":"https:\/\/www.ernstbrunn-apotheke.at\/katalog\/wp-json\/wp\/v2\/types\/product"}],"wp:featuredmedia":[{"embeddable":true,"href":"https:\/\/www.ernstbrunn-apotheke.at\/katalog\/wp-json\/wp\/v2\/media\/35484"}],"wp:attachment":[{"href":"https:\/\/www.ernstbrunn-apotheke.at\/katalog\/wp-json\/wp\/v2\/media?parent=35482"}],"wp:term":[{"taxonomy":"product_brand","embeddable":true,"href":"https:\/\/www.ernstbrunn-apotheke.at\/katalog\/wp-json\/wp\/v2\/product_brand?post=35482"},{"taxonomy":"product_cat","embeddable":true,"href":"https:\/\/www.ernstbrunn-apotheke.at\/katalog\/wp-json\/wp\/v2\/product_cat?post=35482"},{"taxonomy":"product_tag","embeddable":true,"href":"https:\/\/www.ernstbrunn-apotheke.at\/katalog\/wp-json\/wp\/v2\/product_tag?post=35482"}],"curies":[{"name":"wp","href":"https:\/\/api.w.org\/{rel}","templated":true}]}}