{"id":35355,"date":"2025-11-10T12:36:31","date_gmt":"2025-11-10T11:36:31","guid":{"rendered":"https:\/\/www.ernstbrunn-apotheke.at\/katalog\/produkt\/apofit-aetherisches-oel-rosmarin-extra-10-ml\/"},"modified":"2025-12-08T15:36:56","modified_gmt":"2025-12-08T14:36:56","slug":"apofit-aetherisches-oel-rosmarin-extra-10-ml","status":"publish","type":"product","link":"https:\/\/www.ernstbrunn-apotheke.at\/katalog\/produkt\/apofit-aetherisches-oel-rosmarin-extra-10-ml\/","title":{"rendered":"Apofit \u00c4therisches \u00d6l Rosmarin Extra 10 ml"},"content":{"rendered":"<p>Apofit \u00c4therisches \u00d6l Rosmarin Extra wird erfolgreich bei fetter, m\u00fcder Haut und schnell fettendem Haar angewendet. Dabei kann das \u00e4therische \u00d6l in einem Gesichtsreinigungs\u00f6l oder auch in einem Shampoo verarbeitet werden. Wichtig ist jedoch, immer auf eine ausreichende Verd\u00fcnnung des \u00d6ls zu achten, da es bei zu hoher Dosierung hautreizend wirken kann. Nicht zur Einnahme bestimmt!.<\/p>\n","protected":false},"excerpt":{"rendered":"<p>Apofit \u00c4therisches \u00d6l Rosmarin Extra wird erfolgreich bei fetter, m\u00fcder Haut und schnell fettendem Haar angewendet. Dabei kann das \u00e4therische \u00d6l in einem Gesichtsreinigungs\u00f6l oder auch in einem Shampoo verarbeitet werden. Wichtig ist jedoch, immer auf eine ausreichende Verd\u00fcnnung des \u00d6ls zu achten, da es bei zu hoher Dosierung hautreizend wirken kann. Nicht zur Einnahme [&hellip;]<\/p>\n","protected":false},"featured_media":35357,"template":"","meta":{"_acf_changed":false},"product_brand":[584],"product_cat":[801],"product_tag":[],"class_list":{"0":"post-35355","1":"product","2":"type-product","3":"status-publish","4":"has-post-thumbnail","6":"product_brand-apofit","7":"product_cat-a","8":"pa_packungsgroesse-10ml","10":"first","11":"instock","12":"shipping-taxable","13":"purchasable","14":"product-type-simple"},"acf":[],"_links":{"self":[{"href":"https:\/\/www.ernstbrunn-apotheke.at\/katalog\/wp-json\/wp\/v2\/product\/35355","targetHints":{"allow":["GET"]}}],"collection":[{"href":"https:\/\/www.ernstbrunn-apotheke.at\/katalog\/wp-json\/wp\/v2\/product"}],"about":[{"href":"https:\/\/www.ernstbrunn-apotheke.at\/katalog\/wp-json\/wp\/v2\/types\/product"}],"wp:featuredmedia":[{"embeddable":true,"href":"https:\/\/www.ernstbrunn-apotheke.at\/katalog\/wp-json\/wp\/v2\/media\/35357"}],"wp:attachment":[{"href":"https:\/\/www.ernstbrunn-apotheke.at\/katalog\/wp-json\/wp\/v2\/media?parent=35355"}],"wp:term":[{"taxonomy":"product_brand","embeddable":true,"href":"https:\/\/www.ernstbrunn-apotheke.at\/katalog\/wp-json\/wp\/v2\/product_brand?post=35355"},{"taxonomy":"product_cat","embeddable":true,"href":"https:\/\/www.ernstbrunn-apotheke.at\/katalog\/wp-json\/wp\/v2\/product_cat?post=35355"},{"taxonomy":"product_tag","embeddable":true,"href":"https:\/\/www.ernstbrunn-apotheke.at\/katalog\/wp-json\/wp\/v2\/product_tag?post=35355"}],"curies":[{"name":"wp","href":"https:\/\/api.w.org\/{rel}","templated":true}]}}