{"id":35122,"date":"2025-11-10T12:32:47","date_gmt":"2025-11-10T11:32:47","guid":{"rendered":"https:\/\/www.ernstbrunn-apotheke.at\/katalog\/produkt\/taoasis-schlaf-gut-oel-5-ml\/"},"modified":"2025-12-08T15:35:59","modified_gmt":"2025-12-08T14:35:59","slug":"taoasis-schlaf-gut-oel-5-ml","status":"publish","type":"product","link":"https:\/\/www.ernstbrunn-apotheke.at\/katalog\/produkt\/taoasis-schlaf-gut-oel-5-ml\/","title":{"rendered":"Taoasis Schlaf Gut \u00d6l 5 ml"},"content":{"rendered":"<p>Taoasis Schlaf Gut \u00d6l 5 ml verleiht dem Raum den idealen Duft zum Einschlafen &#8211; f\u00fcr gro\u00dfe und kleine Kinder. Der angenehme Duft mit Lavendel, Orange, Ylang Ylang, Benzoe und Vanille schenkt Ihnen Geborgenheit.<\/p>\n","protected":false},"excerpt":{"rendered":"<p>Taoasis Schlaf Gut \u00d6l 5 ml verleiht dem Raum den idealen Duft zum Einschlafen &#8211; f\u00fcr gro\u00dfe und kleine Kinder. Der angenehme Duft mit Lavendel, Orange, Ylang Ylang, Benzoe und Vanille schenkt Ihnen Geborgenheit.<\/p>\n","protected":false},"featured_media":35124,"template":"","meta":{"_acf_changed":false},"product_brand":[577],"product_cat":[798],"product_tag":[],"class_list":{"0":"post-35122","1":"product","2":"type-product","3":"status-publish","4":"has-post-thumbnail","6":"product_brand-taoasis","7":"product_cat-t","8":"pa_packungsgroesse-5ml","10":"first","11":"instock","12":"shipping-taxable","13":"purchasable","14":"product-type-simple"},"acf":[],"_links":{"self":[{"href":"https:\/\/www.ernstbrunn-apotheke.at\/katalog\/wp-json\/wp\/v2\/product\/35122","targetHints":{"allow":["GET"]}}],"collection":[{"href":"https:\/\/www.ernstbrunn-apotheke.at\/katalog\/wp-json\/wp\/v2\/product"}],"about":[{"href":"https:\/\/www.ernstbrunn-apotheke.at\/katalog\/wp-json\/wp\/v2\/types\/product"}],"wp:featuredmedia":[{"embeddable":true,"href":"https:\/\/www.ernstbrunn-apotheke.at\/katalog\/wp-json\/wp\/v2\/media\/35124"}],"wp:attachment":[{"href":"https:\/\/www.ernstbrunn-apotheke.at\/katalog\/wp-json\/wp\/v2\/media?parent=35122"}],"wp:term":[{"taxonomy":"product_brand","embeddable":true,"href":"https:\/\/www.ernstbrunn-apotheke.at\/katalog\/wp-json\/wp\/v2\/product_brand?post=35122"},{"taxonomy":"product_cat","embeddable":true,"href":"https:\/\/www.ernstbrunn-apotheke.at\/katalog\/wp-json\/wp\/v2\/product_cat?post=35122"},{"taxonomy":"product_tag","embeddable":true,"href":"https:\/\/www.ernstbrunn-apotheke.at\/katalog\/wp-json\/wp\/v2\/product_tag?post=35122"}],"curies":[{"name":"wp","href":"https:\/\/api.w.org\/{rel}","templated":true}]}}