{"id":34497,"date":"2025-11-10T12:22:59","date_gmt":"2025-11-10T11:22:59","guid":{"rendered":"https:\/\/www.ernstbrunn-apotheke.at\/katalog\/produkt\/gum-hydral-feuchtigkeitsgel-50-ml\/"},"modified":"2025-12-08T15:32:55","modified_gmt":"2025-12-08T14:32:55","slug":"gum-hydral-feuchtigkeitsgel-50-ml","status":"publish","type":"product","link":"https:\/\/www.ernstbrunn-apotheke.at\/katalog\/produkt\/gum-hydral-feuchtigkeitsgel-50-ml\/","title":{"rendered":"Gum Hydral Feuchtigkeitsgel 50 ml"},"content":{"rendered":"<p>Gum Hydral Feuchtigkeitsgel sorgt f\u00fcr eine sofortige und langanhaltende Linderung bei Mundtrockenheit. Die Geltextur bietet die Linderung, die ben\u00f6tigt wird, um die Symptome und die potenziellen Sch\u00e4den der Mundtrockenheit zu mildern. Anzuwenden auf dem Zahnfleisch, der Zunge und der Mundschleimhaut.<\/p>\n","protected":false},"excerpt":{"rendered":"<p>Gum Hydral Feuchtigkeitsgel sorgt f\u00fcr eine sofortige und langanhaltende Linderung bei Mundtrockenheit. Die Geltextur bietet die Linderung, die ben\u00f6tigt wird, um die Symptome und die potenziellen Sch\u00e4den der Mundtrockenheit zu mildern. Anzuwenden auf dem Zahnfleisch, der Zunge und der Mundschleimhaut.<\/p>\n","protected":false},"featured_media":34499,"template":"","meta":{"_acf_changed":false},"product_brand":[894],"product_cat":[810],"product_tag":[],"class_list":{"0":"post-34497","1":"product","2":"type-product","3":"status-publish","4":"has-post-thumbnail","6":"product_brand-g-u-m","7":"product_cat-g","8":"pa_packungsgroesse-50ml","10":"first","11":"instock","12":"shipping-taxable","13":"purchasable","14":"product-type-simple"},"acf":[],"_links":{"self":[{"href":"https:\/\/www.ernstbrunn-apotheke.at\/katalog\/wp-json\/wp\/v2\/product\/34497","targetHints":{"allow":["GET"]}}],"collection":[{"href":"https:\/\/www.ernstbrunn-apotheke.at\/katalog\/wp-json\/wp\/v2\/product"}],"about":[{"href":"https:\/\/www.ernstbrunn-apotheke.at\/katalog\/wp-json\/wp\/v2\/types\/product"}],"wp:featuredmedia":[{"embeddable":true,"href":"https:\/\/www.ernstbrunn-apotheke.at\/katalog\/wp-json\/wp\/v2\/media\/34499"}],"wp:attachment":[{"href":"https:\/\/www.ernstbrunn-apotheke.at\/katalog\/wp-json\/wp\/v2\/media?parent=34497"}],"wp:term":[{"taxonomy":"product_brand","embeddable":true,"href":"https:\/\/www.ernstbrunn-apotheke.at\/katalog\/wp-json\/wp\/v2\/product_brand?post=34497"},{"taxonomy":"product_cat","embeddable":true,"href":"https:\/\/www.ernstbrunn-apotheke.at\/katalog\/wp-json\/wp\/v2\/product_cat?post=34497"},{"taxonomy":"product_tag","embeddable":true,"href":"https:\/\/www.ernstbrunn-apotheke.at\/katalog\/wp-json\/wp\/v2\/product_tag?post=34497"}],"curies":[{"name":"wp","href":"https:\/\/api.w.org\/{rel}","templated":true}]}}