{"id":33917,"date":"2025-11-10T12:02:21","date_gmt":"2025-11-10T11:02:21","guid":{"rendered":"https:\/\/www.ernstbrunn-apotheke.at\/katalog\/produkt\/gum-expanding-floss-zahnseide-30-m\/"},"modified":"2025-12-08T15:28:50","modified_gmt":"2025-12-08T14:28:50","slug":"gum-expanding-floss-zahnseide-30-m","status":"publish","type":"product","link":"https:\/\/www.ernstbrunn-apotheke.at\/katalog\/produkt\/gum-expanding-floss-zahnseide-30-m\/","title":{"rendered":"Gum Expanding Floss Zahnseide 30 m"},"content":{"rendered":"<p>GUM\u00ae Expanding Floss Zahnseide &#8211; 30 m d\u00fcnne, leicht gewachste Zahnseide, die sich leicht auch in engeZahnzwischenr\u00e4ume einf\u00fchren l\u00e4sst.W\u00e4hrend des Verwendens wird die Zahnseide flauschig und passtsich so den variierenden Interdentalr\u00e4umen an.Die wattebausch\u00e4hnliche Struktur ist sanft zum Zahnfleisch,perfekt f\u00fcr sensible Z\u00e4hne und empfi ndliches Zahnfleisch.<\/p>\n","protected":false},"excerpt":{"rendered":"<p>GUM\u00ae Expanding Floss Zahnseide &#8211; 30 m d\u00fcnne, leicht gewachste Zahnseide, die sich leicht auch in engeZahnzwischenr\u00e4ume einf\u00fchren l\u00e4sst.W\u00e4hrend des Verwendens wird die Zahnseide flauschig und passtsich so den variierenden Interdentalr\u00e4umen an.Die wattebausch\u00e4hnliche Struktur ist sanft zum Zahnfleisch,perfekt f\u00fcr sensible Z\u00e4hne und empfi ndliches Zahnfleisch.<\/p>\n","protected":false},"featured_media":33919,"template":"","meta":{"_acf_changed":false},"product_brand":[894],"product_cat":[810],"product_tag":[],"class_list":{"0":"post-33917","1":"product","2":"type-product","3":"status-publish","4":"has-post-thumbnail","6":"product_brand-g-u-m","7":"product_cat-g","8":"pa_packungsgroesse-910","10":"first","11":"instock","12":"shipping-taxable","13":"purchasable","14":"product-type-simple"},"acf":[],"_links":{"self":[{"href":"https:\/\/www.ernstbrunn-apotheke.at\/katalog\/wp-json\/wp\/v2\/product\/33917","targetHints":{"allow":["GET"]}}],"collection":[{"href":"https:\/\/www.ernstbrunn-apotheke.at\/katalog\/wp-json\/wp\/v2\/product"}],"about":[{"href":"https:\/\/www.ernstbrunn-apotheke.at\/katalog\/wp-json\/wp\/v2\/types\/product"}],"wp:featuredmedia":[{"embeddable":true,"href":"https:\/\/www.ernstbrunn-apotheke.at\/katalog\/wp-json\/wp\/v2\/media\/33919"}],"wp:attachment":[{"href":"https:\/\/www.ernstbrunn-apotheke.at\/katalog\/wp-json\/wp\/v2\/media?parent=33917"}],"wp:term":[{"taxonomy":"product_brand","embeddable":true,"href":"https:\/\/www.ernstbrunn-apotheke.at\/katalog\/wp-json\/wp\/v2\/product_brand?post=33917"},{"taxonomy":"product_cat","embeddable":true,"href":"https:\/\/www.ernstbrunn-apotheke.at\/katalog\/wp-json\/wp\/v2\/product_cat?post=33917"},{"taxonomy":"product_tag","embeddable":true,"href":"https:\/\/www.ernstbrunn-apotheke.at\/katalog\/wp-json\/wp\/v2\/product_tag?post=33917"}],"curies":[{"name":"wp","href":"https:\/\/api.w.org\/{rel}","templated":true}]}}