{"id":33907,"date":"2025-11-10T12:02:21","date_gmt":"2025-11-10T11:02:21","guid":{"rendered":"https:\/\/www.ernstbrunn-apotheke.at\/katalog\/produkt\/lacalut-aktiv-mundspuel-loesung-300-ml\/"},"modified":"2025-12-08T15:28:48","modified_gmt":"2025-12-08T14:28:48","slug":"lacalut-aktiv-mundspuel-loesung-300-ml","status":"publish","type":"product","link":"https:\/\/www.ernstbrunn-apotheke.at\/katalog\/produkt\/lacalut-aktiv-mundspuel-loesung-300-ml\/","title":{"rendered":"Lacalut Aktiv Mundsp\u00fcl-L\u00f6sung 300 ml"},"content":{"rendered":"<p>Lacalut Aktiv Mundsp\u00fcl-L\u00f6sung ist eine medizinische, gebrauchsfertige Mundsp\u00fcl-L\u00f6sung zur t\u00e4glichen Erg\u00e4nzung der Zahnpflege. Die L\u00f6sung eignet sich hervorragend zum Einsatz vor und nach dem Z\u00e4hneputzen sowie zwischendurch.<\/p>\n","protected":false},"excerpt":{"rendered":"<p>Lacalut Aktiv Mundsp\u00fcl-L\u00f6sung ist eine medizinische, gebrauchsfertige Mundsp\u00fcl-L\u00f6sung zur t\u00e4glichen Erg\u00e4nzung der Zahnpflege. Die L\u00f6sung eignet sich hervorragend zum Einsatz vor und nach dem Z\u00e4hneputzen sowie zwischendurch.<\/p>\n","protected":false},"featured_media":33909,"template":"","meta":{"_acf_changed":false},"product_brand":[],"product_cat":[795],"product_tag":[],"class_list":{"0":"post-33907","1":"product","2":"type-product","3":"status-publish","4":"has-post-thumbnail","6":"product_cat-l","7":"pa_packungsgroesse-300ml","9":"first","10":"instock","11":"shipping-taxable","12":"purchasable","13":"product-type-simple"},"acf":[],"_links":{"self":[{"href":"https:\/\/www.ernstbrunn-apotheke.at\/katalog\/wp-json\/wp\/v2\/product\/33907","targetHints":{"allow":["GET"]}}],"collection":[{"href":"https:\/\/www.ernstbrunn-apotheke.at\/katalog\/wp-json\/wp\/v2\/product"}],"about":[{"href":"https:\/\/www.ernstbrunn-apotheke.at\/katalog\/wp-json\/wp\/v2\/types\/product"}],"wp:featuredmedia":[{"embeddable":true,"href":"https:\/\/www.ernstbrunn-apotheke.at\/katalog\/wp-json\/wp\/v2\/media\/33909"}],"wp:attachment":[{"href":"https:\/\/www.ernstbrunn-apotheke.at\/katalog\/wp-json\/wp\/v2\/media?parent=33907"}],"wp:term":[{"taxonomy":"product_brand","embeddable":true,"href":"https:\/\/www.ernstbrunn-apotheke.at\/katalog\/wp-json\/wp\/v2\/product_brand?post=33907"},{"taxonomy":"product_cat","embeddable":true,"href":"https:\/\/www.ernstbrunn-apotheke.at\/katalog\/wp-json\/wp\/v2\/product_cat?post=33907"},{"taxonomy":"product_tag","embeddable":true,"href":"https:\/\/www.ernstbrunn-apotheke.at\/katalog\/wp-json\/wp\/v2\/product_tag?post=33907"}],"curies":[{"name":"wp","href":"https:\/\/api.w.org\/{rel}","templated":true}]}}