{"id":33746,"date":"2025-11-10T11:59:24","date_gmt":"2025-11-10T10:59:24","guid":{"rendered":"https:\/\/www.ernstbrunn-apotheke.at\/katalog\/produkt\/dr-enzmann-dentomit-zahngel-2-x-5-ml\/"},"modified":"2025-12-08T15:27:48","modified_gmt":"2025-12-08T14:27:48","slug":"dr-enzmann-dentomit-zahngel-2-x-5-ml","status":"publish","type":"product","link":"https:\/\/www.ernstbrunn-apotheke.at\/katalog\/produkt\/dr-enzmann-dentomit-zahngel-2-x-5-ml\/","title":{"rendered":"Dr. Enzmann Dentomit Zahngel 2 x 5 ml"},"content":{"rendered":"<p>Dr. Enzmann Dentomit Zahngel 2 x 5 ml enth\u00e4lt bioenergetisch aktives Ubiquinon Q10 mit einer einzigartigen Formel aus ultrakleinen Fl\u00fcssigpartikeln, in ultrakleinen Tropfen verkapseltes Minz\u00f6l und CM3Glucan. Die Kombination pflegt das Zahnfleisch intensiv und nachhaltig bis in sonst unzug\u00e4ngliche Bereiche.<\/p>\n","protected":false},"excerpt":{"rendered":"<p>Dr. Enzmann Dentomit Zahngel 2 x 5 ml enth\u00e4lt bioenergetisch aktives Ubiquinon Q10 mit einer einzigartigen Formel aus ultrakleinen Fl\u00fcssigpartikeln, in ultrakleinen Tropfen verkapseltes Minz\u00f6l und CM3Glucan. Die Kombination pflegt das Zahnfleisch intensiv und nachhaltig bis in sonst unzug\u00e4ngliche Bereiche.<\/p>\n","protected":false},"featured_media":33748,"template":"","meta":{"_acf_changed":false},"product_brand":[],"product_cat":[792],"product_tag":[],"class_list":{"0":"post-33746","1":"product","2":"type-product","3":"status-publish","4":"has-post-thumbnail","6":"product_cat-d","7":"pa_packungsgroesse-500","9":"first","10":"instock","11":"shipping-taxable","12":"purchasable","13":"product-type-simple"},"acf":[],"_links":{"self":[{"href":"https:\/\/www.ernstbrunn-apotheke.at\/katalog\/wp-json\/wp\/v2\/product\/33746","targetHints":{"allow":["GET"]}}],"collection":[{"href":"https:\/\/www.ernstbrunn-apotheke.at\/katalog\/wp-json\/wp\/v2\/product"}],"about":[{"href":"https:\/\/www.ernstbrunn-apotheke.at\/katalog\/wp-json\/wp\/v2\/types\/product"}],"wp:featuredmedia":[{"embeddable":true,"href":"https:\/\/www.ernstbrunn-apotheke.at\/katalog\/wp-json\/wp\/v2\/media\/33748"}],"wp:attachment":[{"href":"https:\/\/www.ernstbrunn-apotheke.at\/katalog\/wp-json\/wp\/v2\/media?parent=33746"}],"wp:term":[{"taxonomy":"product_brand","embeddable":true,"href":"https:\/\/www.ernstbrunn-apotheke.at\/katalog\/wp-json\/wp\/v2\/product_brand?post=33746"},{"taxonomy":"product_cat","embeddable":true,"href":"https:\/\/www.ernstbrunn-apotheke.at\/katalog\/wp-json\/wp\/v2\/product_cat?post=33746"},{"taxonomy":"product_tag","embeddable":true,"href":"https:\/\/www.ernstbrunn-apotheke.at\/katalog\/wp-json\/wp\/v2\/product_tag?post=33746"}],"curies":[{"name":"wp","href":"https:\/\/api.w.org\/{rel}","templated":true}]}}