{"id":33558,"date":"2025-11-10T11:56:15","date_gmt":"2025-11-10T10:56:15","guid":{"rendered":"https:\/\/www.ernstbrunn-apotheke.at\/katalog\/produkt\/dr-hauschka-med-forte-zahncreme-minze\/"},"modified":"2025-12-08T15:26:39","modified_gmt":"2025-12-08T14:26:39","slug":"dr-hauschka-med-forte-zahncreme-minze","status":"publish","type":"product","link":"https:\/\/www.ernstbrunn-apotheke.at\/katalog\/produkt\/dr-hauschka-med-forte-zahncreme-minze\/","title":{"rendered":"Dr. Hauschka Med FORTE ZAHNCREME MINZE"},"content":{"rendered":"<p>Die Minze Zahncreme forte von Dr. Hauschka MED vereint kostbare nat\u00fcrliche Inhaltsstoffe, die den Zahnbelag gr\u00fcndlich entfernen und helfen, Zahnsteinbildung und Karies vorzubeugen. Das Zahnfleisch wird gest\u00e4rkt und Ihre Mundflora stabilisiert. Mit jedem Putzen erfrischen Sie zudem Ihren Atem langanhaltend.<\/p>\n","protected":false},"excerpt":{"rendered":"<p>Die Minze Zahncreme forte von Dr. Hauschka MED vereint kostbare nat\u00fcrliche Inhaltsstoffe, die den Zahnbelag gr\u00fcndlich entfernen und helfen, Zahnsteinbildung und Karies vorzubeugen. Das Zahnfleisch wird gest\u00e4rkt und Ihre Mundflora stabilisiert. Mit jedem Putzen erfrischen Sie zudem Ihren Atem langanhaltend.<\/p>\n","protected":false},"featured_media":33560,"template":"","meta":{"_acf_changed":false},"product_brand":[679],"product_cat":[792],"product_tag":[],"class_list":{"0":"post-33558","1":"product","2":"type-product","3":"status-publish","4":"has-post-thumbnail","6":"product_brand-dr-hauschka","7":"product_cat-d","8":"pa_packungsgroesse-75ml","10":"first","11":"instock","12":"shipping-taxable","13":"purchasable","14":"product-type-simple"},"acf":[],"_links":{"self":[{"href":"https:\/\/www.ernstbrunn-apotheke.at\/katalog\/wp-json\/wp\/v2\/product\/33558","targetHints":{"allow":["GET"]}}],"collection":[{"href":"https:\/\/www.ernstbrunn-apotheke.at\/katalog\/wp-json\/wp\/v2\/product"}],"about":[{"href":"https:\/\/www.ernstbrunn-apotheke.at\/katalog\/wp-json\/wp\/v2\/types\/product"}],"wp:featuredmedia":[{"embeddable":true,"href":"https:\/\/www.ernstbrunn-apotheke.at\/katalog\/wp-json\/wp\/v2\/media\/33560"}],"wp:attachment":[{"href":"https:\/\/www.ernstbrunn-apotheke.at\/katalog\/wp-json\/wp\/v2\/media?parent=33558"}],"wp:term":[{"taxonomy":"product_brand","embeddable":true,"href":"https:\/\/www.ernstbrunn-apotheke.at\/katalog\/wp-json\/wp\/v2\/product_brand?post=33558"},{"taxonomy":"product_cat","embeddable":true,"href":"https:\/\/www.ernstbrunn-apotheke.at\/katalog\/wp-json\/wp\/v2\/product_cat?post=33558"},{"taxonomy":"product_tag","embeddable":true,"href":"https:\/\/www.ernstbrunn-apotheke.at\/katalog\/wp-json\/wp\/v2\/product_tag?post=33558"}],"curies":[{"name":"wp","href":"https:\/\/api.w.org\/{rel}","templated":true}]}}