{"id":33548,"date":"2025-11-10T11:56:03","date_gmt":"2025-11-10T10:56:03","guid":{"rendered":"https:\/\/www.ernstbrunn-apotheke.at\/katalog\/produkt\/aldiamed-mundgel-50-g\/"},"modified":"2025-12-08T15:26:35","modified_gmt":"2025-12-08T14:26:35","slug":"aldiamed-mundgel-50-g","status":"publish","type":"product","link":"https:\/\/www.ernstbrunn-apotheke.at\/katalog\/produkt\/aldiamed-mundgel-50-g\/","title":{"rendered":"Aldiamed Mundgel 50 g"},"content":{"rendered":"<p>Aldiamed Mundgel ist ein lang anhaltendes Feuchtigkeitsgel zur Behandlung bei trockenem Mund. Es erleichtert das Sprechen und Schlucken und ist besonders wohltuend in der Nacht. Mit Schutz-Enzym und Aloe Vera. Auch bei gereizter Mundschleimhaut gut vertr\u00e4glich. Aldiamed Mundgel bringt ein f\u00fcr Stunden andauerndes, angenehm feuchtes Mundgef\u00fchl zur\u00fcck, pflegt die Mundh\u00f6hle und enth\u00e4lt ein wertvolles Schutz-Enzym.<\/p>\n","protected":false},"excerpt":{"rendered":"<p>Aldiamed Mundgel ist ein lang anhaltendes Feuchtigkeitsgel zur Behandlung bei trockenem Mund. Es erleichtert das Sprechen und Schlucken und ist besonders wohltuend in der Nacht. Mit Schutz-Enzym und Aloe Vera. Auch bei gereizter Mundschleimhaut gut vertr\u00e4glich. Aldiamed Mundgel bringt ein f\u00fcr Stunden andauerndes, angenehm feuchtes Mundgef\u00fchl zur\u00fcck, pflegt die Mundh\u00f6hle und enth\u00e4lt ein wertvolles Schutz-Enzym.<\/p>\n","protected":false},"featured_media":33550,"template":"","meta":{"_acf_changed":false},"product_brand":[],"product_cat":[801],"product_tag":[],"class_list":{"0":"post-33548","1":"product","2":"type-product","3":"status-publish","4":"has-post-thumbnail","6":"product_cat-a","7":"pa_packungsgroesse-50g","9":"first","10":"instock","11":"shipping-taxable","12":"purchasable","13":"product-type-simple"},"acf":[],"_links":{"self":[{"href":"https:\/\/www.ernstbrunn-apotheke.at\/katalog\/wp-json\/wp\/v2\/product\/33548","targetHints":{"allow":["GET"]}}],"collection":[{"href":"https:\/\/www.ernstbrunn-apotheke.at\/katalog\/wp-json\/wp\/v2\/product"}],"about":[{"href":"https:\/\/www.ernstbrunn-apotheke.at\/katalog\/wp-json\/wp\/v2\/types\/product"}],"wp:featuredmedia":[{"embeddable":true,"href":"https:\/\/www.ernstbrunn-apotheke.at\/katalog\/wp-json\/wp\/v2\/media\/33550"}],"wp:attachment":[{"href":"https:\/\/www.ernstbrunn-apotheke.at\/katalog\/wp-json\/wp\/v2\/media?parent=33548"}],"wp:term":[{"taxonomy":"product_brand","embeddable":true,"href":"https:\/\/www.ernstbrunn-apotheke.at\/katalog\/wp-json\/wp\/v2\/product_brand?post=33548"},{"taxonomy":"product_cat","embeddable":true,"href":"https:\/\/www.ernstbrunn-apotheke.at\/katalog\/wp-json\/wp\/v2\/product_cat?post=33548"},{"taxonomy":"product_tag","embeddable":true,"href":"https:\/\/www.ernstbrunn-apotheke.at\/katalog\/wp-json\/wp\/v2\/product_tag?post=33548"}],"curies":[{"name":"wp","href":"https:\/\/api.w.org\/{rel}","templated":true}]}}