{"id":33462,"date":"2025-11-10T11:54:39","date_gmt":"2025-11-10T10:54:39","guid":{"rendered":"https:\/\/www.ernstbrunn-apotheke.at\/katalog\/produkt\/elmex-kariesschutz-zahnspuelung-400-ml\/"},"modified":"2025-12-08T15:26:04","modified_gmt":"2025-12-08T14:26:04","slug":"elmex-kariesschutz-zahnspuelung-400-ml","status":"publish","type":"product","link":"https:\/\/www.ernstbrunn-apotheke.at\/katalog\/produkt\/elmex-kariesschutz-zahnspuelung-400-ml\/","title":{"rendered":"Elmex Kariesschutz Zahnsp\u00fclung 400 ml"},"content":{"rendered":"<p>Elmex Kariesschutz Zahnsp\u00fclung ist eine fl\u00fcssige Zahnpflege in Erg\u00e4nzung zur t\u00e4glichen Zahnpflege. elmex@ KARIESSCHUTZ Zahnsp\u00fclung enth\u00e4lt das einzigartige, hochwirksame Aminfluorid (250 ppm Fluorid), das sich innerhalb k\u00fcrzester Zeit mit dem Zahnschmelz verbindet. Es h\u00e4rtet ihn und macht ihn widerstandsf\u00e4higer gegen S\u00e4ureangriffe\u2013 alle Produkte von Elmex mit hohem Rabatt bestellen!<\/p>\n","protected":false},"excerpt":{"rendered":"<p>Elmex Kariesschutz Zahnsp\u00fclung ist eine fl\u00fcssige Zahnpflege in Erg\u00e4nzung zur t\u00e4glichen Zahnpflege. elmex@ KARIESSCHUTZ Zahnsp\u00fclung enth\u00e4lt das einzigartige, hochwirksame Aminfluorid (250 ppm Fluorid), das sich innerhalb k\u00fcrzester Zeit mit dem Zahnschmelz verbindet. Es h\u00e4rtet ihn und macht ihn widerstandsf\u00e4higer gegen S\u00e4ureangriffe\u2013 alle Produkte von Elmex mit hohem Rabatt bestellen!<\/p>\n","protected":false},"featured_media":33464,"template":"","meta":{"_acf_changed":false},"product_brand":[313],"product_cat":[794],"product_tag":[],"class_list":{"0":"post-33462","1":"product","2":"type-product","3":"status-publish","4":"has-post-thumbnail","6":"product_brand-elmex","7":"product_cat-e","8":"pa_packungsgroesse-400ml","10":"first","11":"instock","12":"shipping-taxable","13":"purchasable","14":"product-type-simple"},"acf":[],"_links":{"self":[{"href":"https:\/\/www.ernstbrunn-apotheke.at\/katalog\/wp-json\/wp\/v2\/product\/33462","targetHints":{"allow":["GET"]}}],"collection":[{"href":"https:\/\/www.ernstbrunn-apotheke.at\/katalog\/wp-json\/wp\/v2\/product"}],"about":[{"href":"https:\/\/www.ernstbrunn-apotheke.at\/katalog\/wp-json\/wp\/v2\/types\/product"}],"wp:featuredmedia":[{"embeddable":true,"href":"https:\/\/www.ernstbrunn-apotheke.at\/katalog\/wp-json\/wp\/v2\/media\/33464"}],"wp:attachment":[{"href":"https:\/\/www.ernstbrunn-apotheke.at\/katalog\/wp-json\/wp\/v2\/media?parent=33462"}],"wp:term":[{"taxonomy":"product_brand","embeddable":true,"href":"https:\/\/www.ernstbrunn-apotheke.at\/katalog\/wp-json\/wp\/v2\/product_brand?post=33462"},{"taxonomy":"product_cat","embeddable":true,"href":"https:\/\/www.ernstbrunn-apotheke.at\/katalog\/wp-json\/wp\/v2\/product_cat?post=33462"},{"taxonomy":"product_tag","embeddable":true,"href":"https:\/\/www.ernstbrunn-apotheke.at\/katalog\/wp-json\/wp\/v2\/product_tag?post=33462"}],"curies":[{"name":"wp","href":"https:\/\/api.w.org\/{rel}","templated":true}]}}