{"id":32901,"date":"2025-11-10T11:44:50","date_gmt":"2025-11-10T10:44:50","guid":{"rendered":"https:\/\/www.ernstbrunn-apotheke.at\/katalog\/produkt\/abtei-artischocken-plus-kapseln-30-stk\/"},"modified":"2025-12-08T15:23:00","modified_gmt":"2025-12-08T14:23:00","slug":"abtei-artischocken-plus-kapseln-30-stk","status":"publish","type":"product","link":"https:\/\/www.ernstbrunn-apotheke.at\/katalog\/produkt\/abtei-artischocken-plus-kapseln-30-stk\/","title":{"rendered":"Abtei Artischocken Plus Kapseln 30 Stk."},"content":{"rendered":"<p>Abtei Artischocken Plus Kapseln enthalten einen hochwertigen Extrakt aus Artischockenbl\u00e4ttern, der die Leber-Gallent\u00e4tigkeit anregt und so die Produktion von Gallenfl\u00fcssigkeit f\u00f6rdert.<\/p>\n","protected":false},"excerpt":{"rendered":"<p>Abtei Artischocken Plus Kapseln enthalten einen hochwertigen Extrakt aus Artischockenbl\u00e4ttern, der die Leber-Gallent\u00e4tigkeit anregt und so die Produktion von Gallenfl\u00fcssigkeit f\u00f6rdert.<\/p>\n","protected":false},"featured_media":32903,"template":"","meta":{"_acf_changed":false},"product_brand":[484],"product_cat":[801],"product_tag":[],"class_list":{"0":"post-32901","1":"product","2":"type-product","3":"status-publish","4":"has-post-thumbnail","6":"product_brand-abtei","7":"product_cat-a","8":"pa_packungsgroesse-30-stueck","10":"first","11":"instock","12":"shipping-taxable","13":"purchasable","14":"product-type-simple"},"acf":[],"_links":{"self":[{"href":"https:\/\/www.ernstbrunn-apotheke.at\/katalog\/wp-json\/wp\/v2\/product\/32901","targetHints":{"allow":["GET"]}}],"collection":[{"href":"https:\/\/www.ernstbrunn-apotheke.at\/katalog\/wp-json\/wp\/v2\/product"}],"about":[{"href":"https:\/\/www.ernstbrunn-apotheke.at\/katalog\/wp-json\/wp\/v2\/types\/product"}],"wp:featuredmedia":[{"embeddable":true,"href":"https:\/\/www.ernstbrunn-apotheke.at\/katalog\/wp-json\/wp\/v2\/media\/32903"}],"wp:attachment":[{"href":"https:\/\/www.ernstbrunn-apotheke.at\/katalog\/wp-json\/wp\/v2\/media?parent=32901"}],"wp:term":[{"taxonomy":"product_brand","embeddable":true,"href":"https:\/\/www.ernstbrunn-apotheke.at\/katalog\/wp-json\/wp\/v2\/product_brand?post=32901"},{"taxonomy":"product_cat","embeddable":true,"href":"https:\/\/www.ernstbrunn-apotheke.at\/katalog\/wp-json\/wp\/v2\/product_cat?post=32901"},{"taxonomy":"product_tag","embeddable":true,"href":"https:\/\/www.ernstbrunn-apotheke.at\/katalog\/wp-json\/wp\/v2\/product_tag?post=32901"}],"curies":[{"name":"wp","href":"https:\/\/api.w.org\/{rel}","templated":true}]}}