{"id":32297,"date":"2025-11-10T11:34:02","date_gmt":"2025-11-10T10:34:02","guid":{"rendered":"https:\/\/www.ernstbrunn-apotheke.at\/katalog\/produkt\/sauerkrautsaft-kapseln\/"},"modified":"2025-12-08T15:20:29","modified_gmt":"2025-12-08T14:20:29","slug":"sauerkrautsaft-kapseln","status":"publish","type":"product","link":"https:\/\/www.ernstbrunn-apotheke.at\/katalog\/produkt\/sauerkrautsaft-kapseln\/","title":{"rendered":"Sauerkrautsaft Kapseln"},"content":{"rendered":"<p>Gall Pharma Sauerkraut Saft Kapseln enthalten 373 mg Sauerkrautsaftpulver, Vitamin C und Beta-Carotin in einer Hartgelatinekapsel. Sauerkrautsaft wird durch Milchs\u00e4ureg\u00e4rung aus Sauerkraut hergestellt. Der Saft wirkt entschlackend, f\u00f6rdert eine gesunde Darmflora und unterst\u00fctzt damit die Funktion von Darm und Verdauung.<\/p>\n","protected":false},"excerpt":{"rendered":"<p>Gall Pharma Sauerkraut Saft Kapseln enthalten 373 mg Sauerkrautsaftpulver, Vitamin C und Beta-Carotin in einer Hartgelatinekapsel. Sauerkrautsaft wird durch Milchs\u00e4ureg\u00e4rung aus Sauerkraut hergestellt. Der Saft wirkt entschlackend, f\u00f6rdert eine gesunde Darmflora und unterst\u00fctzt damit die Funktion von Darm und Verdauung.<\/p>\n","protected":false},"featured_media":32299,"template":"","meta":{"_acf_changed":false},"product_brand":[371],"product_cat":[791],"product_tag":[],"class_list":{"0":"post-32297","1":"product","2":"type-product","3":"status-publish","4":"has-post-thumbnail","6":"product_brand-gall-pharma","7":"product_cat-s","8":"pa_packungsgroesse-80-stueck","10":"first","11":"instock","12":"shipping-taxable","13":"purchasable","14":"product-type-simple"},"acf":[],"_links":{"self":[{"href":"https:\/\/www.ernstbrunn-apotheke.at\/katalog\/wp-json\/wp\/v2\/product\/32297","targetHints":{"allow":["GET"]}}],"collection":[{"href":"https:\/\/www.ernstbrunn-apotheke.at\/katalog\/wp-json\/wp\/v2\/product"}],"about":[{"href":"https:\/\/www.ernstbrunn-apotheke.at\/katalog\/wp-json\/wp\/v2\/types\/product"}],"wp:featuredmedia":[{"embeddable":true,"href":"https:\/\/www.ernstbrunn-apotheke.at\/katalog\/wp-json\/wp\/v2\/media\/32299"}],"wp:attachment":[{"href":"https:\/\/www.ernstbrunn-apotheke.at\/katalog\/wp-json\/wp\/v2\/media?parent=32297"}],"wp:term":[{"taxonomy":"product_brand","embeddable":true,"href":"https:\/\/www.ernstbrunn-apotheke.at\/katalog\/wp-json\/wp\/v2\/product_brand?post=32297"},{"taxonomy":"product_cat","embeddable":true,"href":"https:\/\/www.ernstbrunn-apotheke.at\/katalog\/wp-json\/wp\/v2\/product_cat?post=32297"},{"taxonomy":"product_tag","embeddable":true,"href":"https:\/\/www.ernstbrunn-apotheke.at\/katalog\/wp-json\/wp\/v2\/product_tag?post=32297"}],"curies":[{"name":"wp","href":"https:\/\/api.w.org\/{rel}","templated":true}]}}