{"id":32260,"date":"2025-11-10T11:33:18","date_gmt":"2025-11-10T10:33:18","guid":{"rendered":"https:\/\/www.ernstbrunn-apotheke.at\/katalog\/produkt\/hanoju-bio-gerstengras-pulver-500-g\/"},"modified":"2025-12-08T15:20:17","modified_gmt":"2025-12-08T14:20:17","slug":"hanoju-bio-gerstengras-pulver-500-g","status":"publish","type":"product","link":"https:\/\/www.ernstbrunn-apotheke.at\/katalog\/produkt\/hanoju-bio-gerstengras-pulver-500-g\/","title":{"rendered":"Hanoju Bio Gerstengras Pulver 500 g"},"content":{"rendered":"<p>Hanoju Bio Gerstengras Pulver enth\u00e4lt das, wie der Name bereits verr\u00e4t, gr\u00fcne Gras Gerstengras, dessen Verwendung als Lebensmittel bis in die Antike reicht. Neben Spirulina, Chlorella, Maca und Luzerne geh\u00f6rt es zu den sogenannten &#8222;gr\u00fcnen Lebensmitteln&#8220;, welche sich durch eine hohe Dichte an wertvollen Inhaltsstoffen auszeichnen. Das Produkt enth\u00e4lt ausschlie\u00dflich biologische Inhaltsstoffe.<\/p>\n","protected":false},"excerpt":{"rendered":"<p>Hanoju Bio Gerstengras Pulver enth\u00e4lt das, wie der Name bereits verr\u00e4t, gr\u00fcne Gras Gerstengras, dessen Verwendung als Lebensmittel bis in die Antike reicht. Neben Spirulina, Chlorella, Maca und Luzerne geh\u00f6rt es zu den sogenannten &#8222;gr\u00fcnen Lebensmitteln&#8220;, welche sich durch eine hohe Dichte an wertvollen Inhaltsstoffen auszeichnen. Das Produkt enth\u00e4lt ausschlie\u00dflich biologische Inhaltsstoffe.<\/p>\n","protected":false},"featured_media":32262,"template":"","meta":{"_acf_changed":false},"product_brand":[],"product_cat":[805],"product_tag":[],"class_list":{"0":"post-32260","1":"product","2":"type-product","3":"status-publish","4":"has-post-thumbnail","6":"product_cat-h","7":"pa_packungsgroesse-500g","9":"first","10":"instock","11":"shipping-taxable","12":"purchasable","13":"product-type-simple"},"acf":[],"_links":{"self":[{"href":"https:\/\/www.ernstbrunn-apotheke.at\/katalog\/wp-json\/wp\/v2\/product\/32260","targetHints":{"allow":["GET"]}}],"collection":[{"href":"https:\/\/www.ernstbrunn-apotheke.at\/katalog\/wp-json\/wp\/v2\/product"}],"about":[{"href":"https:\/\/www.ernstbrunn-apotheke.at\/katalog\/wp-json\/wp\/v2\/types\/product"}],"wp:featuredmedia":[{"embeddable":true,"href":"https:\/\/www.ernstbrunn-apotheke.at\/katalog\/wp-json\/wp\/v2\/media\/32262"}],"wp:attachment":[{"href":"https:\/\/www.ernstbrunn-apotheke.at\/katalog\/wp-json\/wp\/v2\/media?parent=32260"}],"wp:term":[{"taxonomy":"product_brand","embeddable":true,"href":"https:\/\/www.ernstbrunn-apotheke.at\/katalog\/wp-json\/wp\/v2\/product_brand?post=32260"},{"taxonomy":"product_cat","embeddable":true,"href":"https:\/\/www.ernstbrunn-apotheke.at\/katalog\/wp-json\/wp\/v2\/product_cat?post=32260"},{"taxonomy":"product_tag","embeddable":true,"href":"https:\/\/www.ernstbrunn-apotheke.at\/katalog\/wp-json\/wp\/v2\/product_tag?post=32260"}],"curies":[{"name":"wp","href":"https:\/\/api.w.org\/{rel}","templated":true}]}}