{"id":32187,"date":"2025-11-10T11:32:04","date_gmt":"2025-11-10T10:32:04","guid":{"rendered":"https:\/\/www.ernstbrunn-apotheke.at\/katalog\/produkt\/thorne-research-betain-hcl-pepsin-kapseln-225-stk\/"},"modified":"2025-12-08T15:19:54","modified_gmt":"2025-12-08T14:19:54","slug":"thorne-research-betain-hcl-pepsin-kapseln-225-stk","status":"publish","type":"product","link":"https:\/\/www.ernstbrunn-apotheke.at\/katalog\/produkt\/thorne-research-betain-hcl-pepsin-kapseln-225-stk\/","title":{"rendered":"Thorne Research Betain HCl &#038; Pepsin Kapseln 225 Stk."},"content":{"rendered":"<p>Thorne Research Betain HCl &#038; Pepsin Kapseln enthalten Betain-Hydrochlorid aus einer nicht-pflanzlichen Quelle sowie Pepsin vom Schwein. N\u00fctzlich f\u00fcr Menschen mit gelegentlichen Verdauungsst\u00f6rungen.  Dieses Produkt ist nicht mit Laktose verd\u00fcnnt.Verdauungsst\u00f6rungen k\u00f6nnen durch viele Dinge verursacht werden \u2013 einschlie\u00dflich unzureichender Mengen an Salzs\u00e4ure (HCl) im Magen. Die HCl-Sekretion im Magen hat mehrere positive Auswirkungen. Sie unterst\u00fctzt die Proteinverdauung, indem sie Pepsinogen zu Pepsin aktiviert, den Magen gegen aufgenommene Krankheitserreger sterilisiert, unerw\u00fcnschte \u00dcberwucherung im D\u00fcnndarm verhindert und den Fluss von Gallen- und Pankreasenzymen f\u00f6rdert. Salzs\u00e4ure erleichtert auch die Aufnahme einer Reihe von N\u00e4hrstoffen, darunter Fols\u00e4ure, Vitamin B12, Ascorbins\u00e4ure, Beta-Carotin, Eisen und einiger Formen von Calcium, Magnesium und Zink. Zahlreiche Studien haben gezeigt, dass die Salzs\u00e4uresekretion im Magen mit zunehmendem Alter abnimmt. Eine \u00fcberm\u00e4\u00dfige Verwendung von Antazida oder S\u00e4ureblockern kann auch zu einem niedrigen Salzs\u00e4uregehalt im Magen f\u00fchren, was f\u00fcr eine schlechte Proteinverdauung sorgen kann. Betain HCl und Pepsin von Thorne stammen vom Schwein.Verdauungsst\u00f6rungen betreffen jeden Tag Millionen Menschen. Bei einigen werden sie durch fettes Essen ausgel\u00f6st. Bei anderen werden Bl\u00e4hungen und Bl\u00e4hb\u00e4uche durch einfache Kohlenhydrate (wie Brot und Pasta) hervorgerufen. Bei wieder anderen l\u00f6st scharfes Essen die Beschwerden aus. Auch wenn das, was wir zu uns nehmen, gro\u00dfen Einfluss auf die H\u00e4ufigkeit und Heftigkeit der Verdauungsst\u00f6rungen hat, k\u00f6nnen diese Beschwerden mit einem tieferliegenden Problem in Verbindung stehen: einem niedrigen Salzs\u00e4uregehalt im Magen.Krankheit, Gallenblasenentfernung, \u00fcberm\u00e4\u00dfiger Gebrauch von Antazida und normales Altern k\u00f6nnen zu einer unzureichenden Sekretion von Magens\u00e4ure f\u00fchren, die die Verdauungsenzymaktivit\u00e4t beeintr\u00e4chtigen und zu gelegentlichen Verdauungsst\u00f6rungen, Bl\u00e4hungen und anderen Formen von Magen-Darm-Beschwerden f\u00fchren kann. Fehlverdauung kann auch Verdauungsprobleme und eine schlechte Aufnahme von N\u00e4hrstoffen verursachen, was zu Vitaminmangel f\u00fchrt (insbesondere fettl\u00f6sliche Vitamine wie die Vitamine A, D, E und K). Lebensmittelallergien k\u00f6nnen entstehen, wenn unzureichend verdautes Eiwei\u00df durch einen undichten Darm aufgenommen wird. Da gro\u00dfe Proteine intakt aufgenommen werden, kann der K\u00f6rper sie als fremd erkennen und Antik\u00f6rper gegen sie bilden, was zu einer allergischen Reaktion auf die Nahrung f\u00fchrt. Um eine optimale Verdauung zu gew\u00e4hrleisten, sollte man auf einen ausreichenden HCl-Gehalt im Magen achten..<\/p>\n","protected":false},"excerpt":{"rendered":"<p>Thorne Research Betain HCl &#038; Pepsin Kapseln enthalten Betain-Hydrochlorid aus einer nicht-pflanzlichen Quelle sowie Pepsin vom Schwein. N\u00fctzlich f\u00fcr Menschen mit gelegentlichen Verdauungsst\u00f6rungen. Dieses Produkt ist nicht mit Laktose verd\u00fcnnt.Verdauungsst\u00f6rungen k\u00f6nnen durch viele Dinge verursacht werden \u2013 einschlie\u00dflich unzureichender Mengen an Salzs\u00e4ure (HCl) im Magen. Die HCl-Sekretion im Magen hat mehrere positive Auswirkungen. Sie unterst\u00fctzt [&hellip;]<\/p>\n","protected":false},"featured_media":32189,"template":"","meta":{"_acf_changed":false},"product_brand":[],"product_cat":[798],"product_tag":[],"class_list":{"0":"post-32187","1":"product","2":"type-product","3":"status-publish","4":"has-post-thumbnail","6":"product_cat-t","7":"pa_packungsgroesse-225-stueck","9":"first","10":"instock","11":"shipping-taxable","12":"purchasable","13":"product-type-simple"},"acf":[],"_links":{"self":[{"href":"https:\/\/www.ernstbrunn-apotheke.at\/katalog\/wp-json\/wp\/v2\/product\/32187","targetHints":{"allow":["GET"]}}],"collection":[{"href":"https:\/\/www.ernstbrunn-apotheke.at\/katalog\/wp-json\/wp\/v2\/product"}],"about":[{"href":"https:\/\/www.ernstbrunn-apotheke.at\/katalog\/wp-json\/wp\/v2\/types\/product"}],"wp:featuredmedia":[{"embeddable":true,"href":"https:\/\/www.ernstbrunn-apotheke.at\/katalog\/wp-json\/wp\/v2\/media\/32189"}],"wp:attachment":[{"href":"https:\/\/www.ernstbrunn-apotheke.at\/katalog\/wp-json\/wp\/v2\/media?parent=32187"}],"wp:term":[{"taxonomy":"product_brand","embeddable":true,"href":"https:\/\/www.ernstbrunn-apotheke.at\/katalog\/wp-json\/wp\/v2\/product_brand?post=32187"},{"taxonomy":"product_cat","embeddable":true,"href":"https:\/\/www.ernstbrunn-apotheke.at\/katalog\/wp-json\/wp\/v2\/product_cat?post=32187"},{"taxonomy":"product_tag","embeddable":true,"href":"https:\/\/www.ernstbrunn-apotheke.at\/katalog\/wp-json\/wp\/v2\/product_tag?post=32187"}],"curies":[{"name":"wp","href":"https:\/\/api.w.org\/{rel}","templated":true}]}}