{"id":32101,"date":"2025-11-10T11:30:35","date_gmt":"2025-11-10T10:30:35","guid":{"rendered":"https:\/\/www.ernstbrunn-apotheke.at\/katalog\/produkt\/algavital-colon-green-v-caps-250-stk-500-mg\/"},"modified":"2025-12-08T15:19:19","modified_gmt":"2025-12-08T14:19:19","slug":"algavital-colon-green-v-caps-250-stk-500-mg","status":"publish","type":"product","link":"https:\/\/www.ernstbrunn-apotheke.at\/katalog\/produkt\/algavital-colon-green-v-caps-250-stk-500-mg\/","title":{"rendered":"Algavital Colon Green V-Caps 250 Stk. 500 mg"},"content":{"rendered":"<p>Algavital Colon Green V-Caps unterst\u00fctzen den K\u00f6rper, t\u00e4glich im Organismus anfallende Schlacken aus dem K\u00f6rper zu transportieren. Diese Kapseln helfen dabei, den Darm umfassend zu reinigen und sind damit essentiell f\u00fcr eine anhaltende Gesundheit und Vitalit\u00e4t.<\/p>\n","protected":false},"excerpt":{"rendered":"<p>Algavital Colon Green V-Caps unterst\u00fctzen den K\u00f6rper, t\u00e4glich im Organismus anfallende Schlacken aus dem K\u00f6rper zu transportieren. Diese Kapseln helfen dabei, den Darm umfassend zu reinigen und sind damit essentiell f\u00fcr eine anhaltende Gesundheit und Vitalit\u00e4t.<\/p>\n","protected":false},"featured_media":32103,"template":"","meta":{"_acf_changed":false},"product_brand":[],"product_cat":[801],"product_tag":[],"class_list":{"0":"post-32101","1":"product","2":"type-product","3":"status-publish","4":"has-post-thumbnail","6":"product_cat-a","7":"pa_packungsgroesse-250-stueck","9":"first","10":"instock","11":"shipping-taxable","12":"purchasable","13":"product-type-simple"},"acf":[],"_links":{"self":[{"href":"https:\/\/www.ernstbrunn-apotheke.at\/katalog\/wp-json\/wp\/v2\/product\/32101","targetHints":{"allow":["GET"]}}],"collection":[{"href":"https:\/\/www.ernstbrunn-apotheke.at\/katalog\/wp-json\/wp\/v2\/product"}],"about":[{"href":"https:\/\/www.ernstbrunn-apotheke.at\/katalog\/wp-json\/wp\/v2\/types\/product"}],"wp:featuredmedia":[{"embeddable":true,"href":"https:\/\/www.ernstbrunn-apotheke.at\/katalog\/wp-json\/wp\/v2\/media\/32103"}],"wp:attachment":[{"href":"https:\/\/www.ernstbrunn-apotheke.at\/katalog\/wp-json\/wp\/v2\/media?parent=32101"}],"wp:term":[{"taxonomy":"product_brand","embeddable":true,"href":"https:\/\/www.ernstbrunn-apotheke.at\/katalog\/wp-json\/wp\/v2\/product_brand?post=32101"},{"taxonomy":"product_cat","embeddable":true,"href":"https:\/\/www.ernstbrunn-apotheke.at\/katalog\/wp-json\/wp\/v2\/product_cat?post=32101"},{"taxonomy":"product_tag","embeddable":true,"href":"https:\/\/www.ernstbrunn-apotheke.at\/katalog\/wp-json\/wp\/v2\/product_tag?post=32101"}],"curies":[{"name":"wp","href":"https:\/\/api.w.org\/{rel}","templated":true}]}}