{"id":32044,"date":"2025-11-10T11:29:34","date_gmt":"2025-11-10T10:29:34","guid":{"rendered":"https:\/\/www.ernstbrunn-apotheke.at\/katalog\/produkt\/konjakmehl-600mg-kapseln\/"},"modified":"2025-12-08T15:19:06","modified_gmt":"2025-12-08T14:19:06","slug":"konjakmehl-600mg-kapseln","status":"publish","type":"product","link":"https:\/\/www.ernstbrunn-apotheke.at\/katalog\/produkt\/konjakmehl-600mg-kapseln\/","title":{"rendered":"Konjakmehl 600mg Kapseln"},"content":{"rendered":"<p>Gall Pharma Konjak-Mehl 600 mg Kapseln enthalten 600 mg Konjakmehl in einer Hartgelatinekapsel. Durch das Konjakmehl wird das Stuhlgewicht erh\u00f6ht und die Darmpassage beschleunigt. Diese Ballaststoffe sind gut f\u00fcr die Verdauung. Schlankheit ist nur ein Nebeneffekt. Vielmehr geht es darum, dem Darm die in der modernen Ern\u00e4hrung oft fehlenden Ballaststoffe zuzuf\u00fchren.<\/p>\n","protected":false},"excerpt":{"rendered":"<p>Gall Pharma Konjak-Mehl 600 mg Kapseln enthalten 600 mg Konjakmehl in einer Hartgelatinekapsel. Durch das Konjakmehl wird das Stuhlgewicht erh\u00f6ht und die Darmpassage beschleunigt. Diese Ballaststoffe sind gut f\u00fcr die Verdauung. Schlankheit ist nur ein Nebeneffekt. Vielmehr geht es darum, dem Darm die in der modernen Ern\u00e4hrung oft fehlenden Ballaststoffe zuzuf\u00fchren.<\/p>\n","protected":false},"featured_media":32046,"template":"","meta":{"_acf_changed":false},"product_brand":[371],"product_cat":[807],"product_tag":[],"class_list":{"0":"post-32044","1":"product","2":"type-product","3":"status-publish","4":"has-post-thumbnail","6":"product_brand-gall-pharma","7":"product_cat-k","8":"pa_packungsgroesse-100-stueck","10":"first","11":"instock","12":"shipping-taxable","13":"purchasable","14":"product-type-simple"},"acf":[],"_links":{"self":[{"href":"https:\/\/www.ernstbrunn-apotheke.at\/katalog\/wp-json\/wp\/v2\/product\/32044","targetHints":{"allow":["GET"]}}],"collection":[{"href":"https:\/\/www.ernstbrunn-apotheke.at\/katalog\/wp-json\/wp\/v2\/product"}],"about":[{"href":"https:\/\/www.ernstbrunn-apotheke.at\/katalog\/wp-json\/wp\/v2\/types\/product"}],"wp:featuredmedia":[{"embeddable":true,"href":"https:\/\/www.ernstbrunn-apotheke.at\/katalog\/wp-json\/wp\/v2\/media\/32046"}],"wp:attachment":[{"href":"https:\/\/www.ernstbrunn-apotheke.at\/katalog\/wp-json\/wp\/v2\/media?parent=32044"}],"wp:term":[{"taxonomy":"product_brand","embeddable":true,"href":"https:\/\/www.ernstbrunn-apotheke.at\/katalog\/wp-json\/wp\/v2\/product_brand?post=32044"},{"taxonomy":"product_cat","embeddable":true,"href":"https:\/\/www.ernstbrunn-apotheke.at\/katalog\/wp-json\/wp\/v2\/product_cat?post=32044"},{"taxonomy":"product_tag","embeddable":true,"href":"https:\/\/www.ernstbrunn-apotheke.at\/katalog\/wp-json\/wp\/v2\/product_tag?post=32044"}],"curies":[{"name":"wp","href":"https:\/\/api.w.org\/{rel}","templated":true}]}}