{"id":31948,"date":"2025-11-10T11:27:52","date_gmt":"2025-11-10T10:27:52","guid":{"rendered":"https:\/\/www.ernstbrunn-apotheke.at\/katalog\/produkt\/lactostop-tabletten-40-stk-14-000-fcc\/"},"modified":"2025-12-08T15:18:44","modified_gmt":"2025-12-08T14:18:44","slug":"lactostop-tabletten-40-stk-14-000-fcc","status":"publish","type":"product","link":"https:\/\/www.ernstbrunn-apotheke.at\/katalog\/produkt\/lactostop-tabletten-40-stk-14-000-fcc\/","title":{"rendered":"Lactostop Tabletten 40 Stk. 14.000 Fcc"},"content":{"rendered":"<p>Lactostop Tabletten sind das Mittel Ihrer Wahl bei Lactoseintoleranz, da die Einnahme dieser Tabletten den Genuss von Milchprodukten erm\u00f6glicht. Die Tabletten sind f\u00fcr Kinder und Schwangere gleicherma\u00dfen geeignet.<\/p>\n","protected":false},"excerpt":{"rendered":"<p>Lactostop Tabletten sind das Mittel Ihrer Wahl bei Lactoseintoleranz, da die Einnahme dieser Tabletten den Genuss von Milchprodukten erm\u00f6glicht. Die Tabletten sind f\u00fcr Kinder und Schwangere gleicherma\u00dfen geeignet.<\/p>\n","protected":false},"featured_media":31950,"template":"","meta":{"_acf_changed":false},"product_brand":[],"product_cat":[795],"product_tag":[],"class_list":{"0":"post-31948","1":"product","2":"type-product","3":"status-publish","4":"has-post-thumbnail","6":"product_cat-l","7":"pa_packungsgroesse-40-stueck","9":"first","10":"instock","11":"shipping-taxable","12":"purchasable","13":"product-type-simple"},"acf":[],"_links":{"self":[{"href":"https:\/\/www.ernstbrunn-apotheke.at\/katalog\/wp-json\/wp\/v2\/product\/31948","targetHints":{"allow":["GET"]}}],"collection":[{"href":"https:\/\/www.ernstbrunn-apotheke.at\/katalog\/wp-json\/wp\/v2\/product"}],"about":[{"href":"https:\/\/www.ernstbrunn-apotheke.at\/katalog\/wp-json\/wp\/v2\/types\/product"}],"wp:featuredmedia":[{"embeddable":true,"href":"https:\/\/www.ernstbrunn-apotheke.at\/katalog\/wp-json\/wp\/v2\/media\/31950"}],"wp:attachment":[{"href":"https:\/\/www.ernstbrunn-apotheke.at\/katalog\/wp-json\/wp\/v2\/media?parent=31948"}],"wp:term":[{"taxonomy":"product_brand","embeddable":true,"href":"https:\/\/www.ernstbrunn-apotheke.at\/katalog\/wp-json\/wp\/v2\/product_brand?post=31948"},{"taxonomy":"product_cat","embeddable":true,"href":"https:\/\/www.ernstbrunn-apotheke.at\/katalog\/wp-json\/wp\/v2\/product_cat?post=31948"},{"taxonomy":"product_tag","embeddable":true,"href":"https:\/\/www.ernstbrunn-apotheke.at\/katalog\/wp-json\/wp\/v2\/product_tag?post=31948"}],"curies":[{"name":"wp","href":"https:\/\/api.w.org\/{rel}","templated":true}]}}