{"id":31663,"date":"2025-11-10T11:22:35","date_gmt":"2025-11-10T10:22:35","guid":{"rendered":"https:\/\/www.ernstbrunn-apotheke.at\/katalog\/produkt\/symbiolact-pulver-comp-beutel-30-stk\/"},"modified":"2025-12-08T15:17:19","modified_gmt":"2025-12-08T14:17:19","slug":"symbiolact-pulver-comp-beutel-30-stk","status":"publish","type":"product","link":"https:\/\/www.ernstbrunn-apotheke.at\/katalog\/produkt\/symbiolact-pulver-comp-beutel-30-stk\/","title":{"rendered":"Symbiolact Pulver Comp. Beutel 30 Stk."},"content":{"rendered":"<p>Symbiolact Pulver Comp. Beutel ist ein Nahrungserg\u00e4nzungsmittel, das Biotin und verschiedene St\u00e4mme Milchs\u00e4ure bildender Bakterien enth\u00e4lt. Diese Bakterien geh\u00f6ren zu den Vertretern der Darmflora. Biotin ist ein wasserl\u00f6sliches Vitamin und spielt f\u00fcr den Stoffwechsel der K\u00f6rperzellen eine wichtige Rolle. Gerade sehr aktive Gewebe wie die Schleimh\u00e4ute des K\u00f6rpers ben\u00f6tigen Biotin, damit Zellteilungsprozesse geregelt ablaufen k\u00f6nnen.<\/p>\n","protected":false},"excerpt":{"rendered":"<p>Symbiolact Pulver Comp. Beutel ist ein Nahrungserg\u00e4nzungsmittel, das Biotin und verschiedene St\u00e4mme Milchs\u00e4ure bildender Bakterien enth\u00e4lt. Diese Bakterien geh\u00f6ren zu den Vertretern der Darmflora. Biotin ist ein wasserl\u00f6sliches Vitamin und spielt f\u00fcr den Stoffwechsel der K\u00f6rperzellen eine wichtige Rolle. Gerade sehr aktive Gewebe wie die Schleimh\u00e4ute des K\u00f6rpers ben\u00f6tigen Biotin, damit Zellteilungsprozesse geregelt ablaufen k\u00f6nnen.<\/p>\n","protected":false},"featured_media":31665,"template":"","meta":{"_acf_changed":false},"product_brand":[],"product_cat":[791],"product_tag":[],"class_list":{"0":"post-31663","1":"product","2":"type-product","3":"status-publish","4":"has-post-thumbnail","6":"product_cat-s","7":"pa_packungsgroesse-30-beutel","9":"first","10":"instock","11":"shipping-taxable","12":"purchasable","13":"product-type-simple"},"acf":[],"_links":{"self":[{"href":"https:\/\/www.ernstbrunn-apotheke.at\/katalog\/wp-json\/wp\/v2\/product\/31663","targetHints":{"allow":["GET"]}}],"collection":[{"href":"https:\/\/www.ernstbrunn-apotheke.at\/katalog\/wp-json\/wp\/v2\/product"}],"about":[{"href":"https:\/\/www.ernstbrunn-apotheke.at\/katalog\/wp-json\/wp\/v2\/types\/product"}],"wp:featuredmedia":[{"embeddable":true,"href":"https:\/\/www.ernstbrunn-apotheke.at\/katalog\/wp-json\/wp\/v2\/media\/31665"}],"wp:attachment":[{"href":"https:\/\/www.ernstbrunn-apotheke.at\/katalog\/wp-json\/wp\/v2\/media?parent=31663"}],"wp:term":[{"taxonomy":"product_brand","embeddable":true,"href":"https:\/\/www.ernstbrunn-apotheke.at\/katalog\/wp-json\/wp\/v2\/product_brand?post=31663"},{"taxonomy":"product_cat","embeddable":true,"href":"https:\/\/www.ernstbrunn-apotheke.at\/katalog\/wp-json\/wp\/v2\/product_cat?post=31663"},{"taxonomy":"product_tag","embeddable":true,"href":"https:\/\/www.ernstbrunn-apotheke.at\/katalog\/wp-json\/wp\/v2\/product_tag?post=31663"}],"curies":[{"name":"wp","href":"https:\/\/api.w.org\/{rel}","templated":true}]}}