{"id":31531,"date":"2025-11-10T11:20:10","date_gmt":"2025-11-10T10:20:10","guid":{"rendered":"https:\/\/www.ernstbrunn-apotheke.at\/katalog\/produkt\/caricol-stickpacks\/"},"modified":"2025-12-08T15:16:40","modified_gmt":"2025-12-08T14:16:40","slug":"caricol-stickpacks","status":"publish","type":"product","link":"https:\/\/www.ernstbrunn-apotheke.at\/katalog\/produkt\/caricol-stickpacks\/","title":{"rendered":"Caricol Stickpacks"},"content":{"rendered":"<p>Caricol Stickpacks sind ein Naturprodukt aus dem Fruchtfleisch der baumgereiften Papaya, wirken verdauungsregulierend und unterst\u00fctzen somit die nat\u00fcrliche Darmt\u00e4tigkeit. Gleichzeitig werden dadurch die nat\u00fcrlichen Abwehrkr\u00e4fte des K\u00f6rpers gest\u00e4rkt, die Entgiftung angeregt und die Haut und Organe besser mit N\u00e4hrstoffen und Energie versorgt.<\/p>\n","protected":false},"excerpt":{"rendered":"<p>Caricol Stickpacks sind ein Naturprodukt aus dem Fruchtfleisch der baumgereiften Papaya, wirken verdauungsregulierend und unterst\u00fctzen somit die nat\u00fcrliche Darmt\u00e4tigkeit. Gleichzeitig werden dadurch die nat\u00fcrlichen Abwehrkr\u00e4fte des K\u00f6rpers gest\u00e4rkt, die Entgiftung angeregt und die Haut und Organe besser mit N\u00e4hrstoffen und Energie versorgt.<\/p>\n","protected":false},"featured_media":31533,"template":"","meta":{"_acf_changed":false},"product_brand":[836],"product_cat":[812],"product_tag":[],"class_list":{"0":"post-31531","1":"product","2":"type-product","3":"status-publish","4":"has-post-thumbnail","6":"product_brand-caricol","7":"product_cat-c","8":"pa_packungsgroesse-20-stueck","10":"first","11":"instock","12":"shipping-taxable","13":"purchasable","14":"product-type-simple"},"acf":[],"_links":{"self":[{"href":"https:\/\/www.ernstbrunn-apotheke.at\/katalog\/wp-json\/wp\/v2\/product\/31531","targetHints":{"allow":["GET"]}}],"collection":[{"href":"https:\/\/www.ernstbrunn-apotheke.at\/katalog\/wp-json\/wp\/v2\/product"}],"about":[{"href":"https:\/\/www.ernstbrunn-apotheke.at\/katalog\/wp-json\/wp\/v2\/types\/product"}],"wp:featuredmedia":[{"embeddable":true,"href":"https:\/\/www.ernstbrunn-apotheke.at\/katalog\/wp-json\/wp\/v2\/media\/31533"}],"wp:attachment":[{"href":"https:\/\/www.ernstbrunn-apotheke.at\/katalog\/wp-json\/wp\/v2\/media?parent=31531"}],"wp:term":[{"taxonomy":"product_brand","embeddable":true,"href":"https:\/\/www.ernstbrunn-apotheke.at\/katalog\/wp-json\/wp\/v2\/product_brand?post=31531"},{"taxonomy":"product_cat","embeddable":true,"href":"https:\/\/www.ernstbrunn-apotheke.at\/katalog\/wp-json\/wp\/v2\/product_cat?post=31531"},{"taxonomy":"product_tag","embeddable":true,"href":"https:\/\/www.ernstbrunn-apotheke.at\/katalog\/wp-json\/wp\/v2\/product_tag?post=31531"}],"curies":[{"name":"wp","href":"https:\/\/api.w.org\/{rel}","templated":true}]}}