{"id":31452,"date":"2025-11-10T11:18:31","date_gmt":"2025-11-10T10:18:31","guid":{"rendered":"https:\/\/www.ernstbrunn-apotheke.at\/katalog\/produkt\/renacet-filmtabletten-forte-950-mg-100-stk\/"},"modified":"2025-12-08T15:16:16","modified_gmt":"2025-12-08T14:16:16","slug":"renacet-filmtabletten-forte-950-mg-100-stk","status":"publish","type":"product","link":"https:\/\/www.ernstbrunn-apotheke.at\/katalog\/produkt\/renacet-filmtabletten-forte-950-mg-100-stk\/","title":{"rendered":"Renacet Filmtabletten forte 950 mg 100 Stk."},"content":{"rendered":"<p>Renacet Filmtabletten forte 950 mg sind eine Nahrungserg\u00e4nzung zum Ausgleich von ern\u00e4hrungsbedingtem Calciummangel. Die Tabletten sind insbesondere geeignet als Phosphatbinder f\u00fcr Personen mit einer eingeschr\u00e4nkter Nierenfunktion.<\/p>\n","protected":false},"excerpt":{"rendered":"<p>Renacet Filmtabletten forte 950 mg sind eine Nahrungserg\u00e4nzung zum Ausgleich von ern\u00e4hrungsbedingtem Calciummangel. Die Tabletten sind insbesondere geeignet als Phosphatbinder f\u00fcr Personen mit einer eingeschr\u00e4nkter Nierenfunktion.<\/p>\n","protected":false},"featured_media":0,"template":"","meta":{"_acf_changed":false},"product_brand":[],"product_cat":[808],"product_tag":[],"class_list":{"0":"post-31452","1":"product","2":"type-product","3":"status-publish","5":"product_cat-r","6":"pa_packungsgroesse-100-stueck","8":"first","9":"instock","10":"shipping-taxable","11":"purchasable","12":"product-type-simple"},"acf":[],"_links":{"self":[{"href":"https:\/\/www.ernstbrunn-apotheke.at\/katalog\/wp-json\/wp\/v2\/product\/31452","targetHints":{"allow":["GET"]}}],"collection":[{"href":"https:\/\/www.ernstbrunn-apotheke.at\/katalog\/wp-json\/wp\/v2\/product"}],"about":[{"href":"https:\/\/www.ernstbrunn-apotheke.at\/katalog\/wp-json\/wp\/v2\/types\/product"}],"wp:attachment":[{"href":"https:\/\/www.ernstbrunn-apotheke.at\/katalog\/wp-json\/wp\/v2\/media?parent=31452"}],"wp:term":[{"taxonomy":"product_brand","embeddable":true,"href":"https:\/\/www.ernstbrunn-apotheke.at\/katalog\/wp-json\/wp\/v2\/product_brand?post=31452"},{"taxonomy":"product_cat","embeddable":true,"href":"https:\/\/www.ernstbrunn-apotheke.at\/katalog\/wp-json\/wp\/v2\/product_cat?post=31452"},{"taxonomy":"product_tag","embeddable":true,"href":"https:\/\/www.ernstbrunn-apotheke.at\/katalog\/wp-json\/wp\/v2\/product_tag?post=31452"}],"curies":[{"name":"wp","href":"https:\/\/api.w.org\/{rel}","templated":true}]}}