{"id":30887,"date":"2025-11-10T11:08:27","date_gmt":"2025-11-10T10:08:27","guid":{"rendered":"https:\/\/www.ernstbrunn-apotheke.at\/katalog\/produkt\/kneipp-aroma-pflegedusche-200-ml-lebensfreude\/"},"modified":"2025-12-08T15:14:17","modified_gmt":"2025-12-08T14:14:17","slug":"kneipp-aroma-pflegedusche-200-ml-lebensfreude","status":"publish","type":"product","link":"https:\/\/www.ernstbrunn-apotheke.at\/katalog\/produkt\/kneipp-aroma-pflegedusche-200-ml-lebensfreude\/","title":{"rendered":"Kneipp Aroma Pflegedusche 200 ml Lebensfreude"},"content":{"rendered":"<p>Genie\u00dfen Sie die Sch\u00f6nheit des Lebens mit der belebenden und aktivierenden Kneipp\u00ae Aroma-Pflegedusche Lebensfreude. Der frische, sonnige Duft der nat\u00fcrlichen \u00e4therischen \u00d6le der Litsea Cubeba und der Zitrone hebt Ihre Stimmungslage nachweislich*. Nat\u00fcrliches pflegendes \u00d6l verw\u00f6hnt die Haut und macht sie zart und geschmeidig.<\/p>\n","protected":false},"excerpt":{"rendered":"<p>Genie\u00dfen Sie die Sch\u00f6nheit des Lebens mit der belebenden und aktivierenden Kneipp\u00ae Aroma-Pflegedusche Lebensfreude. Der frische, sonnige Duft der nat\u00fcrlichen \u00e4therischen \u00d6le der Litsea Cubeba und der Zitrone hebt Ihre Stimmungslage nachweislich*. Nat\u00fcrliches pflegendes \u00d6l verw\u00f6hnt die Haut und macht sie zart und geschmeidig.<\/p>\n","protected":false},"featured_media":30889,"template":"","meta":{"_acf_changed":false},"product_brand":[662],"product_cat":[807],"product_tag":[],"class_list":{"0":"post-30887","1":"product","2":"type-product","3":"status-publish","4":"has-post-thumbnail","6":"product_brand-kneipp","7":"product_cat-k","8":"pa_packungsgroesse-200ml","10":"first","11":"instock","12":"shipping-taxable","13":"purchasable","14":"product-type-simple"},"acf":[],"_links":{"self":[{"href":"https:\/\/www.ernstbrunn-apotheke.at\/katalog\/wp-json\/wp\/v2\/product\/30887","targetHints":{"allow":["GET"]}}],"collection":[{"href":"https:\/\/www.ernstbrunn-apotheke.at\/katalog\/wp-json\/wp\/v2\/product"}],"about":[{"href":"https:\/\/www.ernstbrunn-apotheke.at\/katalog\/wp-json\/wp\/v2\/types\/product"}],"wp:featuredmedia":[{"embeddable":true,"href":"https:\/\/www.ernstbrunn-apotheke.at\/katalog\/wp-json\/wp\/v2\/media\/30889"}],"wp:attachment":[{"href":"https:\/\/www.ernstbrunn-apotheke.at\/katalog\/wp-json\/wp\/v2\/media?parent=30887"}],"wp:term":[{"taxonomy":"product_brand","embeddable":true,"href":"https:\/\/www.ernstbrunn-apotheke.at\/katalog\/wp-json\/wp\/v2\/product_brand?post=30887"},{"taxonomy":"product_cat","embeddable":true,"href":"https:\/\/www.ernstbrunn-apotheke.at\/katalog\/wp-json\/wp\/v2\/product_cat?post=30887"},{"taxonomy":"product_tag","embeddable":true,"href":"https:\/\/www.ernstbrunn-apotheke.at\/katalog\/wp-json\/wp\/v2\/product_tag?post=30887"}],"curies":[{"name":"wp","href":"https:\/\/api.w.org\/{rel}","templated":true}]}}