{"id":30872,"date":"2025-11-10T11:08:10","date_gmt":"2025-11-10T10:08:10","guid":{"rendered":"https:\/\/www.ernstbrunn-apotheke.at\/katalog\/produkt\/kneipp-badekristalle-viel-glueck-60-g\/"},"modified":"2025-12-08T15:14:12","modified_gmt":"2025-12-08T14:14:12","slug":"kneipp-badekristalle-viel-glueck-60-g","status":"publish","type":"product","link":"https:\/\/www.ernstbrunn-apotheke.at\/katalog\/produkt\/kneipp-badekristalle-viel-glueck-60-g\/","title":{"rendered":"Kneipp Badekristalle Viel Gl\u00fcck! 60 g"},"content":{"rendered":"<p>Kneipp Badekristalle Viel Gl\u00fcck! 60 g mit Gl\u00fccksklee- und Sternfrucht-Extrakt sowie mit nat\u00fcrlichem \u00e4therischen \u00d6l schenken Ihnen ein St\u00fcck vom Gl\u00fcck. Der spritzige Duft zaubert Ihnen ein fr\u00f6hlich-frisches Badevergn\u00fcgen. Ihr pers\u00f6nlicher Gl\u00fccksbringer in jeder Lebenslage<\/p>\n","protected":false},"excerpt":{"rendered":"<p>Kneipp Badekristalle Viel Gl\u00fcck! 60 g mit Gl\u00fccksklee- und Sternfrucht-Extrakt sowie mit nat\u00fcrlichem \u00e4therischen \u00d6l schenken Ihnen ein St\u00fcck vom Gl\u00fcck. Der spritzige Duft zaubert Ihnen ein fr\u00f6hlich-frisches Badevergn\u00fcgen. Ihr pers\u00f6nlicher Gl\u00fccksbringer in jeder Lebenslage<\/p>\n","protected":false},"featured_media":30874,"template":"","meta":{"_acf_changed":false},"product_brand":[662],"product_cat":[807],"product_tag":[],"class_list":{"0":"post-30872","1":"product","2":"type-product","3":"status-publish","4":"has-post-thumbnail","6":"product_brand-kneipp","7":"product_cat-k","8":"pa_packungsgroesse-60g","10":"first","11":"instock","12":"shipping-taxable","13":"purchasable","14":"product-type-simple"},"acf":[],"_links":{"self":[{"href":"https:\/\/www.ernstbrunn-apotheke.at\/katalog\/wp-json\/wp\/v2\/product\/30872","targetHints":{"allow":["GET"]}}],"collection":[{"href":"https:\/\/www.ernstbrunn-apotheke.at\/katalog\/wp-json\/wp\/v2\/product"}],"about":[{"href":"https:\/\/www.ernstbrunn-apotheke.at\/katalog\/wp-json\/wp\/v2\/types\/product"}],"wp:featuredmedia":[{"embeddable":true,"href":"https:\/\/www.ernstbrunn-apotheke.at\/katalog\/wp-json\/wp\/v2\/media\/30874"}],"wp:attachment":[{"href":"https:\/\/www.ernstbrunn-apotheke.at\/katalog\/wp-json\/wp\/v2\/media?parent=30872"}],"wp:term":[{"taxonomy":"product_brand","embeddable":true,"href":"https:\/\/www.ernstbrunn-apotheke.at\/katalog\/wp-json\/wp\/v2\/product_brand?post=30872"},{"taxonomy":"product_cat","embeddable":true,"href":"https:\/\/www.ernstbrunn-apotheke.at\/katalog\/wp-json\/wp\/v2\/product_cat?post=30872"},{"taxonomy":"product_tag","embeddable":true,"href":"https:\/\/www.ernstbrunn-apotheke.at\/katalog\/wp-json\/wp\/v2\/product_tag?post=30872"}],"curies":[{"name":"wp","href":"https:\/\/api.w.org\/{rel}","templated":true}]}}